{"id":11337,"date":"2021-08-27T13:24:20","date_gmt":"2021-08-27T11:24:20","guid":{"rendered":"https:\/\/www.pattymiller.at\/?page_id=11337"},"modified":"2026-05-06T22:51:08","modified_gmt":"2026-05-06T20:51:08","slug":"unsere-links-zu-musikern-und-fotografen","status":"publish","type":"page","link":"https:\/\/www.pattymiller.at\/?page_id=11337","title":{"rendered":"Links"},"content":{"rendered":"<h4 style=\"text-align: center;\"><strong>Unsere Links<\/strong><\/h4>\n<hr \/>\n<h3>Patty Miller&#8217;s Musiker:<\/h3>\n<p><a href=\"http:\/\/www.mairegen.at\/\">Albert O. Maier<\/a> (piano, comp. coach)<br \/>\n<a href=\"mailto:christine.matzy@chello.at\">Christine Matzy<\/a> (bass) nur Email<br \/>\n<a href=\"http:\/\/hannes.oberwalder.info\/Willkommen.html\">Hannes Oberwalder<\/a> (piano) und<br \/>\n<a href=\"http:\/\/www.tomton.at\/\">Hannes Oberwalder<\/a> Tom-Ton Tonstudio<br \/>\n<a href=\"http:\/\/www.jorisdudli.com\">Joris Dudli<\/a> (drums)<br \/>\n<a href=\"http:\/\/www.filz.at\">Richard Filz<\/a> (drums)<br \/>\n<a href=\"http:\/\/www.robertpawlik.com\/\">Robert Pawlik<\/a> (guitar)<\/p>\n<h3><strong>Befreundete K\u00fcnstler &amp; Bands freuen sich wenn sie gebucht werden:<\/strong><\/h3>\n<p><a href=\"https:\/\/maalo.at\/\">MAALO<\/a>\u00a0 von Party Musik bis Mundart und vieles mehr!<br \/>\n<a href=\"http:\/\/www.winfriedbode.de\">Winfried Bode<\/a> Autor von &#8220;Vocalis&#8221; (K\u00f6ln)<br \/>\n<a href=\"http:\/\/www.marliesausberlin.de\">Die &#8220;NEUE&#8221; Hildegard Knef<\/a> (Berlin)<br \/>\n<a href=\"http:\/\/www.emex.at\/\">EMEX- die \u00e4lteste Wiener Hardrockband<\/a><br \/>\n<a href=\"http:\/\/www.kmentt.at\">Ingomar Kmentt <\/a>einer der letzten Heurigen-S\u00e4nger in Wien.<br \/>\n<a href=\"https:\/\/michaelarabitsch.com\/\">Michaela Rabitsch &amp; Robert Pawlik<\/a><br \/>\n<a href=\"http:\/\/www.band-book.com\">Band und Musiker Suche<\/a><br \/>\nWir vermitteln auch gerne und kostenlos:<br \/>\nBarbara Wussow (Schauspielerin, wer kennt sie und Albert Fortell nicht?)<br \/>\nAlbert Fortell (Schauspieler)<br \/>\n<a href=\"http:\/\/www.nikandraph.com\/\">Nikolaus Fortelni<\/a> Der Zauberer<br \/>\nH. Karmann <a href=\"https:\/\/www.h-karmann.at\/talentef%C3%B6rderung\/\">Talentf\u00f6rderung<\/a> Musik &#8211; Tanz &#8211; Schauschpiel<br \/>\n<a href=\"https:\/\/sirene.at\"><strong>Sirene<\/strong><\/a><strong> das Operntheater von <\/strong><span class=\"qu\" tabindex=\"-1\" role=\"gridcell\" translate=\"no\"><span class=\"gD\" data-hovercard-id=\"everhartz@sirene.at\" data-hovercard-owner-id=\"124\">Jury Everhartz<\/span><\/span><\/p>\n<h3><strong>Rund um die Fotografie:<\/strong><\/h3>\n<p>Freunde, mit welchen wir gerne zusammen arbeiten:<br \/>\nKarl Grabherr <a href=\"https:\/\/grabherr-photography.com\/\">Fotografie und Ambassador f\u00fcr Olympus und NiSi Optics<\/a><br \/>\n! Nur f\u00fcr <strong>Olympus<\/strong>-Fotografen!\u00a0 <a href=\"https:\/\/training.grabherr-photography.com\/\">Training mit Karl Grabherr<\/a><span style=\"color: #ffffff;\">Das<\/span><span style=\"color: #ffffff;\"> <a style=\"color: #ffffff;\" href=\"https:\/\/training.grabherr-photography.com\">Olympus Training<\/a>\u00a0von und mit Karl Grabherr!<\/span><br \/>\nMein Kamerasystem: <a href=\"https:\/\/explore.omsystem.com\/at\/de\/\">https:\/\/explore.omsystem.com\/at\/de\/<\/a><br \/>\nCyberlab: <a href=\"https:\/\/www.cyberlab.at\/\">Fotoausdrucke, Fotob\u00fccher<\/a> u.v.m.<br \/>\nDigitalkamera, Tests &#8211; Trends &#8211; u.v.m. <a href=\"http:\/\/www.digitalkamedrfa.ded\">Klick hier<\/a><br \/>\nDrucker <a href=\"https:\/\/www.drucker-kalibrieren.com\">Kalibrieren<\/a> (<em>auch Office &amp; Home Drucker<\/em>) eine sehr freundliche, kompetente und hilfsbereite Firma.<br \/>\nSehr Empfehlenswert!<br \/>\nMein Fotoh\u00e4ndler seit Jahrzehnten: <a href=\"https:\/\/www.foto-schneider.at\/\">Foto-Video Schneider<\/a> mit Filialen in Baden und M\u00f6dling<br \/>\nSagafoto in Zusammenarbeit mit Foto Kober in Graz ist immer einen <a href=\"https:\/\/www.sagafoto.at\/\">Klick<\/a> wert.<br \/>\nFree Brushes: <a href=\"https:\/\/www.brusheezy.com\">Pinseleffekte f\u00fcr Photoshop <\/a>Externer Link! Beachte die jeweils geltenden\u00a0&#8220;Standard License&#8221;!<br \/>\nEin Wiener Bluesmusiker und auch Fotograf in Texas <a href=\"https:\/\/www.dozzlerphoto.com\">hier seine Fotos<\/a><br \/>\n&#8211;<\/p>\n<h4><strong>In eigener Sache:<\/strong><\/h4>\n<p><em>Urlaub 2026!<br \/>\n3 Wochen Foto-Rundreise mit Camper in der \u00a0Bretagne!<br \/>\n2.-4. Woche im September. Wer sich mit mir in die Bretagne fahren m\u00f6chte schreibt mich an<br \/>\nunter hehufoto @ gmail.com<br \/>\nVoraussetzung Liebe zur Fotografie, m\u00f6glichst ein Campingbus da jeden Tag eine andere Location besucht wird. Alternativ l\u00e4sst es sich auch in Hotels g\u00fcnstig \u00dcbernachten!<\/em><\/p>\n<p><strong>Was geplant ist:<\/strong><br \/>\nIch war bereits einmal in der Bretagne und diese Gegend faszinierte mich. Daher steht die Bretagne 2026 nochmals, am Fotoreiseplan. Beachte aber, die Anfahrt alleine ben\u00f6tigt mit einem Camper bereits 2 Tage.<\/p>\n<p>Also selbst Camper anmieten z.B. bei<span class=\"gmail-Apple-converted-space\">\u00a0<\/span><a href=\"https:\/\/roadsurfer.com\/\">roadsurfer.com<\/a><span class=\"gmail-Apple-converted-space\">\u00a0<\/span>oder mit eigenem Camper mitfahren.<br \/>\nErster geplanter Treffpunkt aller nach Absprache oder in Luxemburg, Weiter \u00fcber Le Monde St.-Michel, weiter an der C\u00f4te de Granit Rose bis Brest. Von dort aus individuelle Heimreise. Treffpunkt aller jeden 2. Tag z.B. auf einem Campingplatz! Es ist also f\u00fcr Jedermann genug Freiraum. Reservierung der Campingpl\u00e4tze (Stellplatz mit Stromanschlu\u00df) individuell oder gemeinsam auf einem, jeden 2. Tag. Tipps dazu gebe ich gerne. Tipp 11.9.2026 ist Springflut, da k\u00f6nnten sich tolle Fotos ergeben!<br \/>\n\u00dcber die Campingplatze in Frankreich kann ich nur eines sagen: 5 Sterne+<\/p>\n<p>Die Franzosen sind Weltmeister was Camping anbelangt. Mehr dar\u00fcber auf jeder Camping HP!<\/p>\n<p>Bei Interesse bitte um Em: hehufoto@gmail.com voraussichtliche Planung im Februar\/M\u00e4rz 2026<br \/>\nIndividualisten k\u00f6nnen sich auch an einen unserer Kontakte in Frankreich melden.<br \/>\nDort kann man sich auch privat eine Frankreich Tour zusammenstellen lassen.<br \/>\nFr. Elisabeth Riff unter EM: betty1502@aol.com sie spricht Deutsch!<\/p>\n<h3><strong>Web.-u. Design &#8211; Allerlei:<\/strong><\/h3>\n<p>Provider, einer der besten in \u00d6sterreich: <a href=\"http:\/\/www.world4you.com\">www.world4you.com<\/a><br \/>\n<a href=\"http:\/\/Immobilien in 1220 Wien\">Immobilien in 1220 Wien ERHO Immobilien<\/a><br \/>\nAustro Controll <a href=\"https:\/\/www.austrocontrol.at\/flugrouten_anliegen\">Flugl\u00e4rm und Flugroutenbeschwerden<\/a><\/p>\n<p><strong>&#8211; &#8211; &#8211; &#8211; &#8211; &#8211; &#8211; &#8211; &#8211; &#8211; &#8211; &#8211; &#8211; &#8211; &#8211; &#8211; &#8211; &#8211; &#8211; &#8211; &#8211; &#8211;<\/strong><\/p>\n<h3><strong>Urlaubsideen EU aber auch in \u00d6sterreich:<\/strong><\/h3>\n<p><strong><a href=\"https:\/\/www.alpinzentrum-rudolfshuette.at\/de\/\">Berghotel Rudolfsh\u00f6he\u00a0auf 2.315 m <\/a><br \/>\nSuper Service, und K\u00fcche in den Hohen Tauern!<br \/>\nSommer und Winterbetrieb!<br \/>\nWir planen wieder \u00a0&#8220;Sternenfotografie&#8221;! Wer macht mit?<br \/>\nKontakt <a href=\"mailto:hehufoto@gmail.com\">hier<\/a>!<br \/>\n<a href=\"https:\/\/www.gletscherwelt-weissee.at\/de\/weissee-gletscherwelt\/webcam-wetter\/#\">Webcam<\/a> von der Rudolfsh\u00fctte<br \/>\n&#8211;<br \/>\n<\/strong><strong>-.-.-.-.-.-.-.<br \/>\nHiermit<\/strong> distanzieren wir uns ausdr\u00fccklich von allen Inhalten aller gelinkten Seiten auf unserer Internetpr\u00e4senz und machen uns diese Inhalte nicht zu eigen. Diese Erkl\u00e4rung gilt f\u00fcr alle auf unserer Internetpr\u00e4senz publizierten Links und f\u00fcr alle Inhalte der Seiten, zu denen die bei uns ver\u00f6ffentlichten Banner und Links f\u00fchren.<\/p>\n<p><em>Wir werden wir uns bem\u00fchen, unsere Links auf dem aktuellsten Stand zu halten, um &#8220;Reisen in die Weite des Internets&#8221; zu vermeiden, denn reisen sollten Sie ja schlie\u00dflich zu den Konzerten von Patty Miller.<\/em><\/p>\n<h1>Achtung Hinweis:<\/h1>\n<p>Die Inhalte dieser Website sowie der Linkliste wurden mit Sorgfalt recherchiert. Fehler im Bearbeitungsvorgang sind dennoch nicht auszuschlie\u00dfen. Hinweise und Korrekturen senden Sie bitte an unseren <a href=\"mailto:vocal4event@gmail.com?subject=An den Webmaster\">Webmaster<\/a>.<\/p>\n<p>Eine Haftung f\u00fcr die Richtigkeit, Vollst\u00e4ndigkeit und Aktualit\u00e4t dieser Webseiten kann trotz sorgf\u00e4ltiger Pr\u00fcfung nicht \u00fcbernommen werden. Wir \u00fcbernehmen insbesondere keinerlei Haftung, f\u00fcr eventuelle Sch\u00e4den oder Konsequenzen, die durch die direkte oder indirekte Nutzung der angebotenen Inhalte oder Links entstehen.<\/p>\n<p>Wir sind als Inhaltsanbieter f\u00fcr die eigenen Inhalte, die wir zur Nutzung bereithalten, nach den allgemeinen Gesetzen verantwortlich. Von diesen eigenen Inhalten sind Querverweise bzw. externe Links auf die von anderen Anbietern bereitgehaltenen Inhalte zu unterscheiden. Diese fremden Inhalte stammen weder uns, noch haben wir die M\u00f6glichkeit, den Inhalt vonseiten Dritter zu beeinflussen. Die Inhalte fremder Seiten, auf die wir mittels Links hinweisen, spiegeln nicht unsere Meinung wider, sondern dienen lediglich der Information und der Darstellung von Zusammenh\u00e4ngen. Wir haften nicht f\u00fcr fremde Inhalte, auf die es lediglich im oben genannten Sinne hinweist. Die Verantwortlichkeit liegt alleine bei dem Anbieter der Inhalte.<\/p>\n<p>Sollten Links Fehler aufweisen, kann jederzeit ein Hinweis an unseren Webmaste<a href=\"mailto:helmut.hussian@pattymiller.at?subject=An den Webmaster\">r<\/a> abgegeben werden.<\/p>\n<hr \/>\n<p style=\"text-align: center;\">Entdecken Sie die atemberaubende vocale Vielfalt von Patty Miller, eine der sch\u00f6nsten, schw\u00e4rzesten und ausdrucksst\u00e4rksten Stimmen.<br \/>\n4 Oktaven verzaubern das Publikum ab Ton eins!<\/p>\n<p style=\"text-align: center;\"><em>Explore the stunning vocal range of Patty Miller, one of the finest, darkest and most expressive voices. 4 octaves charmed the audience from one sound<\/em><\/p>\n","protected":false},"excerpt":{"rendered":"<p>Unsere Links Patty Miller&#8217;s Musiker: Albert O. Maier (piano, comp. coach) Christine Matzy (bass) nur Email Hannes Oberwalder (piano) und Hannes Oberwalder Tom-Ton Tonstudio Joris Dudli (drums) Richard Filz (drums) Robert Pawlik (guitar) Befreundete K\u00fcnstler &amp; Bands freuen sich wenn sie gebucht werden: MAALO\u00a0 von Party Musik bis Mundart und vieles mehr! Winfried Bode Autor &hellip; <\/p>\n<p><a class=\"more-link btn\" href=\"https:\/\/www.pattymiller.at\/?page_id=11337\">Weiterlesen<\/a><\/p>\n","protected":false},"author":2,"featured_media":0,"parent":0,"menu_order":0,"comment_status":"closed","ping_status":"closed","template":"","meta":{"footnotes":""},"class_list":["post-11337","page","type-page","status-publish","hentry","nodate","item-wrap"],"yoast_head":"<!-- This site is optimized with the Yoast SEO Premium plugin v27.6 (Yoast SEO v27.6) - https:\/\/yoast.com\/product\/yoast-seo-premium-wordpress\/ -->\n<title>Links : Patty Miller vocal &amp; Helmut Hussian Fotografie<\/title>\n<meta name=\"description\" content=\"Besuchen Sie unsere Links f\u00fcr spannende Informationen \u00fcber K\u00fcnstler und Talente in der Musik- und Unterhaltungsbranche und Urlaubsthemen!\" \/>\n<meta name=\"robots\" content=\"index, follow, max-snippet:-1, max-image-preview:large, max-video-preview:-1\" \/>\n<link rel=\"canonical\" href=\"https:\/\/www.pattymiller.at\/?page_id=11337\" \/>\n<meta property=\"og:locale\" content=\"de_DE\" \/>\n<meta property=\"og:type\" content=\"article\" \/>\n<meta property=\"og:title\" content=\"Links\" \/>\n<meta property=\"og:description\" content=\"Besuchen Sie unsere Links f\u00fcr spannende Informationen \u00fcber K\u00fcnstler und Talente in der Musik- und Unterhaltungsbranche und Urlaubsthemen!\" \/>\n<meta property=\"og:url\" content=\"https:\/\/www.pattymiller.at\/?page_id=11337\" \/>\n<meta property=\"og:site_name\" content=\"Patty Miller vocal &amp; Helmut Hussian Fotografie\" \/>\n<meta property=\"article:modified_time\" content=\"2026-05-06T20:51:08+00:00\" \/>\n<meta name=\"twitter:card\" content=\"summary_large_image\" \/>\n<meta name=\"twitter:label1\" content=\"Gesch\u00e4tzte Lesezeit\" \/>\n\t<meta name=\"twitter:data1\" content=\"5\u00a0Minuten\" \/>\n<script type=\"application\/ld+json\" class=\"yoast-schema-graph\">{\"@context\":\"https:\\\/\\\/schema.org\",\"@graph\":[{\"@type\":\"WebPage\",\"@id\":\"https:\\\/\\\/www.pattymiller.at\\\/?page_id=11337\",\"url\":\"https:\\\/\\\/www.pattymiller.at\\\/?page_id=11337\",\"name\":\"Links : Patty Miller vocal &amp; Helmut Hussian Fotografie\",\"isPartOf\":{\"@id\":\"https:\\\/\\\/www.pattymiller.at\\\/#website\"},\"datePublished\":\"2021-08-27T11:24:20+00:00\",\"dateModified\":\"2026-05-06T20:51:08+00:00\",\"description\":\"Besuchen Sie unsere Links f\u00fcr spannende Informationen \u00fcber K\u00fcnstler und Talente in der Musik- und Unterhaltungsbranche und Urlaubsthemen!\",\"breadcrumb\":{\"@id\":\"https:\\\/\\\/www.pattymiller.at\\\/?page_id=11337#breadcrumb\"},\"inLanguage\":\"de\",\"potentialAction\":[{\"@type\":\"ReadAction\",\"target\":[\"https:\\\/\\\/www.pattymiller.at\\\/?page_id=11337\"]}]},{\"@type\":\"BreadcrumbList\",\"@id\":\"https:\\\/\\\/www.pattymiller.at\\\/?page_id=11337#breadcrumb\",\"itemListElement\":[{\"@type\":\"ListItem\",\"position\":1,\"name\":\"Startseite\",\"item\":\"https:\\\/\\\/www.pattymiller.at\\\/\"},{\"@type\":\"ListItem\",\"position\":2,\"name\":\"Links\"}]},{\"@type\":\"WebSite\",\"@id\":\"https:\\\/\\\/www.pattymiller.at\\\/#website\",\"url\":\"https:\\\/\\\/www.pattymiller.at\\\/\",\"name\":\"Patty Miller vocal &amp; Helmut Hussian Fotografie\",\"description\":\"Unser Weg ist das Ziel - wir arbeiten derzeit daran!\",\"publisher\":{\"@id\":\"https:\\\/\\\/www.pattymiller.at\\\/#\\\/schema\\\/person\\\/1f9bd0a95e4c35fba18a93b2cae5a8f9\"},\"potentialAction\":[{\"@type\":\"SearchAction\",\"target\":{\"@type\":\"EntryPoint\",\"urlTemplate\":\"https:\\\/\\\/www.pattymiller.at\\\/?s={search_term_string}\"},\"query-input\":{\"@type\":\"PropertyValueSpecification\",\"valueRequired\":true,\"valueName\":\"search_term_string\"}}],\"inLanguage\":\"de\"},{\"@type\":[\"Person\",\"Organization\"],\"@id\":\"https:\\\/\\\/www.pattymiller.at\\\/#\\\/schema\\\/person\\\/1f9bd0a95e4c35fba18a93b2cae5a8f9\",\"name\":\"Helmut Hussian\",\"image\":{\"@type\":\"ImageObject\",\"inLanguage\":\"de\",\"@id\":\"https:\\\/\\\/i0.wp.com\\\/www.pattymiller.at\\\/wp-content\\\/uploads\\\/2018\\\/05\\\/cropped-cropped-cropped-cropped-jazzlogo.png?fit=512%2C512&ssl=1\",\"url\":\"https:\\\/\\\/i0.wp.com\\\/www.pattymiller.at\\\/wp-content\\\/uploads\\\/2018\\\/05\\\/cropped-cropped-cropped-cropped-jazzlogo.png?fit=512%2C512&ssl=1\",\"contentUrl\":\"https:\\\/\\\/i0.wp.com\\\/www.pattymiller.at\\\/wp-content\\\/uploads\\\/2018\\\/05\\\/cropped-cropped-cropped-cropped-jazzlogo.png?fit=512%2C512&ssl=1\",\"width\":512,\"height\":512,\"caption\":\"Helmut Hussian\"},\"logo\":{\"@id\":\"https:\\\/\\\/i0.wp.com\\\/www.pattymiller.at\\\/wp-content\\\/uploads\\\/2018\\\/05\\\/cropped-cropped-cropped-cropped-jazzlogo.png?fit=512%2C512&ssl=1\"},\"description\":\"Vieles im Leben ausprobiert, nicht immer das gescheiterte getan. So kam ich zur Musik und zur Fotografie.\",\"sameAs\":[\"http:\\\/\\\/www.pattymiller.at\"],\"knowsLanguage\":[\"Deutsch\"]}]}<\/script>\n<!-- \/ Yoast SEO Premium plugin. -->","yoast_head_json":{"title":"Links : Patty Miller vocal &amp; Helmut Hussian Fotografie","description":"Besuchen Sie unsere Links f\u00fcr spannende Informationen \u00fcber K\u00fcnstler und Talente in der Musik- und Unterhaltungsbranche und Urlaubsthemen!","robots":{"index":"index","follow":"follow","max-snippet":"max-snippet:-1","max-image-preview":"max-image-preview:large","max-video-preview":"max-video-preview:-1"},"canonical":"https:\/\/www.pattymiller.at\/?page_id=11337","og_locale":"de_DE","og_type":"article","og_title":"Links","og_description":"Besuchen Sie unsere Links f\u00fcr spannende Informationen \u00fcber K\u00fcnstler und Talente in der Musik- und Unterhaltungsbranche und Urlaubsthemen!","og_url":"https:\/\/www.pattymiller.at\/?page_id=11337","og_site_name":"Patty Miller vocal &amp; Helmut Hussian Fotografie","article_modified_time":"2026-05-06T20:51:08+00:00","twitter_card":"summary_large_image","twitter_misc":{"Gesch\u00e4tzte Lesezeit":"5\u00a0Minuten"},"schema":{"@context":"https:\/\/schema.org","@graph":[{"@type":"WebPage","@id":"https:\/\/www.pattymiller.at\/?page_id=11337","url":"https:\/\/www.pattymiller.at\/?page_id=11337","name":"Links : Patty Miller vocal &amp; Helmut Hussian Fotografie","isPartOf":{"@id":"https:\/\/www.pattymiller.at\/#website"},"datePublished":"2021-08-27T11:24:20+00:00","dateModified":"2026-05-06T20:51:08+00:00","description":"Besuchen Sie unsere Links f\u00fcr spannende Informationen \u00fcber K\u00fcnstler und Talente in der Musik- und Unterhaltungsbranche und Urlaubsthemen!","breadcrumb":{"@id":"https:\/\/www.pattymiller.at\/?page_id=11337#breadcrumb"},"inLanguage":"de","potentialAction":[{"@type":"ReadAction","target":["https:\/\/www.pattymiller.at\/?page_id=11337"]}]},{"@type":"BreadcrumbList","@id":"https:\/\/www.pattymiller.at\/?page_id=11337#breadcrumb","itemListElement":[{"@type":"ListItem","position":1,"name":"Startseite","item":"https:\/\/www.pattymiller.at\/"},{"@type":"ListItem","position":2,"name":"Links"}]},{"@type":"WebSite","@id":"https:\/\/www.pattymiller.at\/#website","url":"https:\/\/www.pattymiller.at\/","name":"Patty Miller vocal &amp; Helmut Hussian Fotografie","description":"Unser Weg ist das Ziel - wir arbeiten derzeit daran!","publisher":{"@id":"https:\/\/www.pattymiller.at\/#\/schema\/person\/1f9bd0a95e4c35fba18a93b2cae5a8f9"},"potentialAction":[{"@type":"SearchAction","target":{"@type":"EntryPoint","urlTemplate":"https:\/\/www.pattymiller.at\/?s={search_term_string}"},"query-input":{"@type":"PropertyValueSpecification","valueRequired":true,"valueName":"search_term_string"}}],"inLanguage":"de"},{"@type":["Person","Organization"],"@id":"https:\/\/www.pattymiller.at\/#\/schema\/person\/1f9bd0a95e4c35fba18a93b2cae5a8f9","name":"Helmut Hussian","image":{"@type":"ImageObject","inLanguage":"de","@id":"https:\/\/i0.wp.com\/www.pattymiller.at\/wp-content\/uploads\/2018\/05\/cropped-cropped-cropped-cropped-jazzlogo.png?fit=512%2C512&ssl=1","url":"https:\/\/i0.wp.com\/www.pattymiller.at\/wp-content\/uploads\/2018\/05\/cropped-cropped-cropped-cropped-jazzlogo.png?fit=512%2C512&ssl=1","contentUrl":"https:\/\/i0.wp.com\/www.pattymiller.at\/wp-content\/uploads\/2018\/05\/cropped-cropped-cropped-cropped-jazzlogo.png?fit=512%2C512&ssl=1","width":512,"height":512,"caption":"Helmut Hussian"},"logo":{"@id":"https:\/\/i0.wp.com\/www.pattymiller.at\/wp-content\/uploads\/2018\/05\/cropped-cropped-cropped-cropped-jazzlogo.png?fit=512%2C512&ssl=1"},"description":"Vieles im Leben ausprobiert, nicht immer das gescheiterte getan. So kam ich zur Musik und zur Fotografie.","sameAs":["http:\/\/www.pattymiller.at"],"knowsLanguage":["Deutsch"]}]}},"jetpack_sharing_enabled":true,"_links":{"self":[{"href":"https:\/\/www.pattymiller.at\/index.php?rest_route=\/wp\/v2\/pages\/11337","targetHints":{"allow":["GET"]}}],"collection":[{"href":"https:\/\/www.pattymiller.at\/index.php?rest_route=\/wp\/v2\/pages"}],"about":[{"href":"https:\/\/www.pattymiller.at\/index.php?rest_route=\/wp\/v2\/types\/page"}],"author":[{"embeddable":true,"href":"https:\/\/www.pattymiller.at\/index.php?rest_route=\/wp\/v2\/users\/2"}],"replies":[{"embeddable":true,"href":"https:\/\/www.pattymiller.at\/index.php?rest_route=%2Fwp%2Fv2%2Fcomments&post=11337"}],"version-history":[{"count":39,"href":"https:\/\/www.pattymiller.at\/index.php?rest_route=\/wp\/v2\/pages\/11337\/revisions"}],"predecessor-version":[{"id":15766,"href":"https:\/\/www.pattymiller.at\/index.php?rest_route=\/wp\/v2\/pages\/11337\/revisions\/15766"}],"wp:attachment":[{"href":"https:\/\/www.pattymiller.at\/index.php?rest_route=%2Fwp%2Fv2%2Fmedia&parent=11337"}],"curies":[{"name":"wp","href":"https:\/\/api.w.org\/{rel}","templated":true}]}}