{"id":13457,"date":"2024-03-02T17:19:47","date_gmt":"2024-03-02T16:19:47","guid":{"rendered":"https:\/\/www.pattymiller.at\/?page_id=13457"},"modified":"2026-05-13T17:02:42","modified_gmt":"2026-05-13T15:02:42","slug":"schlittenhunderennen","status":"publish","type":"page","link":"https:\/\/www.pattymiller.at\/?page_id=13457","title":{"rendered":"\u00dcber die Schlittenhunde"},"content":{"rendered":"<p>Wissenswertes \u00fcber die Schlittenhunde!<\/p>\n<div id=\"attachment_13001\" style=\"width: 225px\" class=\"wp-caption alignleft\"><a style=\"color: #ffffff;\" href=\"https:\/\/i0.wp.com\/www.pattymiller.at\/wp-content\/uploads\/2024\/01\/Schlittenhunde-20.01.2024_P1206702.jpg?ssl=1\"><img data-recalc-dims=\"1\" fetchpriority=\"high\" decoding=\"async\" aria-describedby=\"caption-attachment-13001\" class=\"size-medium wp-image-13001\" src=\"https:\/\/i0.wp.com\/www.pattymiller.at\/wp-content\/uploads\/2024\/01\/Schlittenhunde-20.01.2024_P1206702.jpg?resize=225%2C300&#038;ssl=1\" alt=\"Samojede Schlittenhund\" width=\"225\" height=\"300\" srcset=\"https:\/\/i0.wp.com\/www.pattymiller.at\/wp-content\/uploads\/2024\/01\/Schlittenhunde-20.01.2024_P1206702.jpg?resize=225%2C300&amp;ssl=1 225w, https:\/\/i0.wp.com\/www.pattymiller.at\/wp-content\/uploads\/2024\/01\/Schlittenhunde-20.01.2024_P1206702.jpg?resize=768%2C1024&amp;ssl=1 768w, https:\/\/i0.wp.com\/www.pattymiller.at\/wp-content\/uploads\/2024\/01\/Schlittenhunde-20.01.2024_P1206702.jpg?resize=1152%2C1536&amp;ssl=1 1152w, https:\/\/i0.wp.com\/www.pattymiller.at\/wp-content\/uploads\/2024\/01\/Schlittenhunde-20.01.2024_P1206702.jpg?resize=750%2C1000&amp;ssl=1 750w, https:\/\/i0.wp.com\/www.pattymiller.at\/wp-content\/uploads\/2024\/01\/Schlittenhunde-20.01.2024_P1206702.jpg?w=1536&amp;ssl=1 1536w\" sizes=\"(max-width: 225px) 100vw, 225px\" \/><\/a><p id=\"caption-attachment-13001\" class=\"wp-caption-text\"><span style=\"color: #ffffff;\">Ein Samojede wartet auf seinen Einsatz<\/span><\/p><\/div>\n<p>Es gibt 4 anerkannte Schlittenhunde Rassen aber alle haben eines gemeinsam: Sie sind sehr lauffreudig, gesellig und streiten untereinander nicht.<br \/>\n<strong>Erstens<\/strong> den <span style=\"color: #ffffff;\"><strong>Siberian Husky<\/strong><\/span> ist mit Sicherheit der wohl bekannteste Schlittenhund. \u00a0Als klassischer Schlittenhund zeigt er einen ausgesprochenen Arbeitseifer und verh\u00e4lt sich Menschen gegen\u00fcber sanftm\u00fctig und aufgeschlossen.<br \/>\n<strong>Zweitens<\/strong> den\u00a0<span style=\"color: #ffffff;\"><strong>Alaskan Malamute<\/strong><\/span> z\u00e4hlt zu den \u00e4ltesten arktischen Rassen und wird seit \u00fcber 2000 Jahren \u00a0in die Arktis verwendet. Er wurde extra f\u00fcr das Ziehen von schweren Lasten gez\u00fcchtet und ist heute der \u00a0st\u00e4rkste unter den Schlittenhunderassen.<br \/>\n<strong>Drittens<\/strong> den <span style=\"color: #ffffff;\"><strong>Gr\u00f6nlandhund<\/strong><\/span>, dieser ist der Polarhund schlechthin und z\u00e4hlt zu den \u00e4ltesten bekannten Hunderassen. Wie alle Schlittenhunde ist er zudem \u00e4u\u00dferst selbstst\u00e4ndig und zeigt auch einen ausgepr\u00e4gten Jagdinstinkt.<\/p>\n<p>Und <strong>viertens<\/strong> der <span style=\"color: #ffffff;\"><strong>Samojede<\/strong><\/span> benannt nach dem gleichnamigen sibirischen Volk. Optisch zeichnet er sich durch sein \u00fcppiges wei\u00dfes Fell sowie durch sein charakteristisches \u201e<em>L\u00e4cheln\u201c<\/em> aus. Trotzdem \u00a0zeichnet auch den Samojeden eine hohe Ausdauer aus, ebenso die hervorragende Anpassungsf\u00e4higkeit. Entgegen anderen Schlittenhunderassen ist der gem\u00fctliche Samojede doch eher als Haus- und Familienhund geeignet. Er arbeitet gerne und ist ausdauernd, aber bitte nur keine Hast.<\/p>\n<p>&#8211;<\/p>\n<p>Es wird im Netz viel falsches \u00fcber die Hunderennen verbreitet. Ich empfehle daher, sich selbst ein Bild von den Hunden am Start zu machen. \u00a0Ich selbst erlebe es jedesmal wenn ich diesen Event fotografiere wie sich die Hunde auf den kommenden Lauf freuen. Von einer verbreiteten \u00a0und im Netz kolportieren Tierqu\u00e4lerei konnte ich all die Jahre nichts bemerken. Ich w\u00e4re sofort dagegen vorgegangen!<br \/>\nAnders wiederum das <a href=\"https:\/\/de.wikipedia.org\/wiki\/Iditarod\"><b>Iditarod<\/b> <\/a>Rennen (Link zu Wikipedia) wo etwa 1.830 Km in der k\u00fcrzesten Zeit zur\u00fcckzulegen sind. Bei diesen Rennen sterben immer einige Hunde in ihrer Pflichterf\u00fcllung!<br \/>\nDie Strecke ist etwa 1850 km lang und verl\u00e4uft von Anchorage nach Nome ( teilweise der Iditarod Trail).<br \/>\nDieses Rennen ist als ein Extremfall anzusehen und ist vermutlich der Ursprung warum ein Schlittenhunderennen als Tierqu\u00e4lerei verrufen sind.<br \/>\nDieses Rennen hat mit jenen in Europa mit Strecken zwischen 10 und maximal 30 Km absolut keinen gemeinsamen Nenner!<\/p>\n<p>Eine wunderbare Zusammenarbeit aller 12 Hunde in <a href=\"https:\/\/www.st.ulrich.tirol.gv.at\/\">St. Ulrich am Pillersee<\/a> in Tirol<\/p>\n<div id=\"attachment_13780\" style=\"width: 250px\" class=\"wp-caption alignleft\"><a href=\"https:\/\/i0.wp.com\/www.pattymiller.at\/wp-content\/uploads\/2024\/09\/12er-Hundegespann-P1270828.jpg?ssl=1\"><img data-recalc-dims=\"1\" decoding=\"async\" aria-describedby=\"caption-attachment-13780\" class=\"size-medium wp-image-13780\" src=\"https:\/\/i0.wp.com\/www.pattymiller.at\/wp-content\/uploads\/2024\/09\/12er-Hundegespann-P1270828.jpg?resize=250%2C141&#038;ssl=1\" alt=\"12er Schlittenhundegespann\" width=\"250\" height=\"141\" srcset=\"https:\/\/i0.wp.com\/www.pattymiller.at\/wp-content\/uploads\/2024\/09\/12er-Hundegespann-P1270828.jpg?resize=250%2C141&amp;ssl=1 250w, https:\/\/i0.wp.com\/www.pattymiller.at\/wp-content\/uploads\/2024\/09\/12er-Hundegespann-P1270828.jpg?resize=1024%2C576&amp;ssl=1 1024w, https:\/\/i0.wp.com\/www.pattymiller.at\/wp-content\/uploads\/2024\/09\/12er-Hundegespann-P1270828.jpg?resize=768%2C432&amp;ssl=1 768w, https:\/\/i0.wp.com\/www.pattymiller.at\/wp-content\/uploads\/2024\/09\/12er-Hundegespann-P1270828.jpg?resize=1536%2C864&amp;ssl=1 1536w, https:\/\/i0.wp.com\/www.pattymiller.at\/wp-content\/uploads\/2024\/09\/12er-Hundegespann-P1270828.jpg?resize=750%2C422&amp;ssl=1 750w, https:\/\/i0.wp.com\/www.pattymiller.at\/wp-content\/uploads\/2024\/09\/12er-Hundegespann-P1270828.jpg?w=1920&amp;ssl=1 1920w\" sizes=\"(max-width: 250px) 100vw, 250px\" \/><\/a><p id=\"caption-attachment-13780\" class=\"wp-caption-text\">12er Schlittenhundegespann in St. Ulrich am Pillersee\/T. Foto:(c) Helmut Hussian<\/p><\/div>\n<p>&nbsp;<\/p>\n<p>&nbsp;<\/p>\n<p>&nbsp;<\/p>\n<p>&nbsp;<\/p>\n<p>&nbsp;<\/p>\n<p>&nbsp;<\/p>\n<p style=\"text-align: left;\"><a href=\"https:\/\/www.pattymiller.at\/helmut-hussian-fotografie\/\"><span style=\"color: #ffffff;\">Zur\u00fcck\/Back:<\/span><\/a><br \/>\n<span style=\"color: #ffffff;\"><a style=\"color: #ffffff;\" href=\"https:\/\/www.pattymiller.at\">Zur\u00fcck\/Back to Home Patty Miller<\/a><\/span><\/p>\n","protected":false},"excerpt":{"rendered":"<p>Wissenswertes \u00fcber die Schlittenhunde! Es gibt 4 anerkannte Schlittenhunde Rassen aber alle haben eines gemeinsam: Sie sind sehr lauffreudig, gesellig und streiten untereinander nicht. Erstens den Siberian Husky ist mit Sicherheit der wohl bekannteste Schlittenhund. \u00a0Als klassischer Schlittenhund zeigt er einen ausgesprochenen Arbeitseifer und verh\u00e4lt sich Menschen gegen\u00fcber sanftm\u00fctig und aufgeschlossen. Zweitens den\u00a0Alaskan Malamute z\u00e4hlt &hellip; <\/p>\n<p><a class=\"more-link btn\" href=\"https:\/\/www.pattymiller.at\/?page_id=13457\">Weiterlesen<\/a><\/p>\n","protected":false},"author":2,"featured_media":0,"parent":0,"menu_order":1,"comment_status":"closed","ping_status":"closed","template":"","meta":{"footnotes":""},"class_list":["post-13457","page","type-page","status-publish","hentry","nodate","item-wrap"],"yoast_head":"<!-- This site is optimized with the Yoast SEO Premium plugin v27.6 (Yoast SEO v27.6) - https:\/\/yoast.com\/product\/yoast-seo-premium-wordpress\/ -->\n<title>Schlittenhunderennen \u00d6sterreich: Rassen im Fokus : Patty Miller vocal &amp; Helmut Hussian Fotografie<\/title>\n<meta name=\"description\" content=\"Entdecken Sie die faszinierende Welt der Schlittenhunderennen in \u00d6sterreich und die einzigartigen Rassen, die daran teilnehmen.\" \/>\n<meta name=\"robots\" content=\"index, follow, max-snippet:-1, max-image-preview:large, max-video-preview:-1\" \/>\n<link rel=\"canonical\" href=\"https:\/\/www.pattymiller.at\/?page_id=13457\" \/>\n<meta property=\"og:locale\" content=\"de_DE\" \/>\n<meta property=\"og:type\" content=\"article\" \/>\n<meta property=\"og:title\" content=\"\u00dcber die Schlittenhunde\" \/>\n<meta property=\"og:description\" content=\"Entdecken Sie die faszinierende Welt der Schlittenhunderennen in \u00d6sterreich und die einzigartigen Rassen, die daran teilnehmen.\" \/>\n<meta property=\"og:url\" content=\"https:\/\/www.pattymiller.at\/?page_id=13457\" \/>\n<meta property=\"og:site_name\" content=\"Patty Miller vocal &amp; Helmut Hussian Fotografie\" \/>\n<meta property=\"article:modified_time\" content=\"2026-05-13T15:02:42+00:00\" \/>\n<meta property=\"og:image\" content=\"https:\/\/www.pattymiller.at\/wp-content\/uploads\/2024\/01\/Schlittenhunde-20.01.2024_P1206702-225x300.jpg\" \/>\n<meta name=\"twitter:card\" content=\"summary_large_image\" \/>\n<meta name=\"twitter:label1\" content=\"Gesch\u00e4tzte Lesezeit\" \/>\n\t<meta name=\"twitter:data1\" content=\"3\u00a0Minuten\" \/>\n<script type=\"application\/ld+json\" class=\"yoast-schema-graph\">{\"@context\":\"https:\\\/\\\/schema.org\",\"@graph\":[{\"@type\":\"Article\",\"@id\":\"https:\\\/\\\/www.pattymiller.at\\\/?page_id=13457#article\",\"isPartOf\":{\"@id\":\"https:\\\/\\\/www.pattymiller.at\\\/?page_id=13457\"},\"author\":{\"name\":\"Helmut Hussian\",\"@id\":\"https:\\\/\\\/www.pattymiller.at\\\/#\\\/schema\\\/person\\\/2b569c9d086aeb5b818c521830ba5776\"},\"headline\":\"\u00dcber die Schlittenhunde\",\"datePublished\":\"2024-03-02T16:19:47+00:00\",\"dateModified\":\"2026-05-13T15:02:42+00:00\",\"mainEntityOfPage\":{\"@id\":\"https:\\\/\\\/www.pattymiller.at\\\/?page_id=13457\"},\"wordCount\":408,\"publisher\":{\"@id\":\"https:\\\/\\\/www.pattymiller.at\\\/#\\\/schema\\\/person\\\/1f9bd0a95e4c35fba18a93b2cae5a8f9\"},\"image\":{\"@id\":\"https:\\\/\\\/www.pattymiller.at\\\/?page_id=13457#primaryimage\"},\"thumbnailUrl\":\"https:\\\/\\\/www.pattymiller.at\\\/wp-content\\\/uploads\\\/2024\\\/01\\\/Schlittenhunde-20.01.2024_P1206702-225x300.jpg\",\"inLanguage\":\"de\"},{\"@type\":\"WebPage\",\"@id\":\"https:\\\/\\\/www.pattymiller.at\\\/?page_id=13457\",\"url\":\"https:\\\/\\\/www.pattymiller.at\\\/?page_id=13457\",\"name\":\"Schlittenhunderennen \u00d6sterreich: Rassen im Fokus : Patty Miller vocal &amp; Helmut Hussian Fotografie\",\"isPartOf\":{\"@id\":\"https:\\\/\\\/www.pattymiller.at\\\/#website\"},\"primaryImageOfPage\":{\"@id\":\"https:\\\/\\\/www.pattymiller.at\\\/?page_id=13457#primaryimage\"},\"image\":{\"@id\":\"https:\\\/\\\/www.pattymiller.at\\\/?page_id=13457#primaryimage\"},\"thumbnailUrl\":\"https:\\\/\\\/www.pattymiller.at\\\/wp-content\\\/uploads\\\/2024\\\/01\\\/Schlittenhunde-20.01.2024_P1206702-225x300.jpg\",\"datePublished\":\"2024-03-02T16:19:47+00:00\",\"dateModified\":\"2026-05-13T15:02:42+00:00\",\"description\":\"Entdecken Sie die faszinierende Welt der Schlittenhunderennen in \u00d6sterreich und die einzigartigen Rassen, die daran teilnehmen.\",\"breadcrumb\":{\"@id\":\"https:\\\/\\\/www.pattymiller.at\\\/?page_id=13457#breadcrumb\"},\"inLanguage\":\"de\",\"potentialAction\":[{\"@type\":\"ReadAction\",\"target\":[\"https:\\\/\\\/www.pattymiller.at\\\/?page_id=13457\"]}]},{\"@type\":\"ImageObject\",\"inLanguage\":\"de\",\"@id\":\"https:\\\/\\\/www.pattymiller.at\\\/?page_id=13457#primaryimage\",\"url\":\"https:\\\/\\\/i0.wp.com\\\/www.pattymiller.at\\\/wp-content\\\/uploads\\\/2024\\\/01\\\/Schlittenhunde-20.01.2024_P1206702.jpg?fit=1536%2C2048&ssl=1\",\"contentUrl\":\"https:\\\/\\\/i0.wp.com\\\/www.pattymiller.at\\\/wp-content\\\/uploads\\\/2024\\\/01\\\/Schlittenhunde-20.01.2024_P1206702.jpg?fit=1536%2C2048&ssl=1\",\"width\":1536,\"height\":2048,\"caption\":\"Samojede wartet auf seinen Einsatz\"},{\"@type\":\"BreadcrumbList\",\"@id\":\"https:\\\/\\\/www.pattymiller.at\\\/?page_id=13457#breadcrumb\",\"itemListElement\":[{\"@type\":\"ListItem\",\"position\":1,\"name\":\"Startseite\",\"item\":\"https:\\\/\\\/www.pattymiller.at\\\/\"},{\"@type\":\"ListItem\",\"position\":2,\"name\":\"\u00dcber die Schlittenhunde\"}]},{\"@type\":\"WebSite\",\"@id\":\"https:\\\/\\\/www.pattymiller.at\\\/#website\",\"url\":\"https:\\\/\\\/www.pattymiller.at\\\/\",\"name\":\"Patty Miller vocal &amp; Helmut Hussian Fotografie\",\"description\":\"Unser Weg ist das Ziel - wir arbeiten derzeit daran!\",\"publisher\":{\"@id\":\"https:\\\/\\\/www.pattymiller.at\\\/#\\\/schema\\\/person\\\/1f9bd0a95e4c35fba18a93b2cae5a8f9\"},\"potentialAction\":[{\"@type\":\"SearchAction\",\"target\":{\"@type\":\"EntryPoint\",\"urlTemplate\":\"https:\\\/\\\/www.pattymiller.at\\\/?s={search_term_string}\"},\"query-input\":{\"@type\":\"PropertyValueSpecification\",\"valueRequired\":true,\"valueName\":\"search_term_string\"}}],\"inLanguage\":\"de\"},{\"@type\":[\"Person\",\"Organization\"],\"@id\":\"https:\\\/\\\/www.pattymiller.at\\\/#\\\/schema\\\/person\\\/2b569c9d086aeb5b818c521830ba5776\",\"name\":\"Helmut Hussian\",\"logo\":{\"@id\":\"https:\\\/\\\/www.pattymiller.at\\\/#\\\/schema\\\/person\\\/image\\\/\"},\"description\":\"Vieles im Leben falsch gemacht, endlich bin ich hier gelandet!\",\"sameAs\":[\"http:\\\/\\\/www.pattymiller.at\",\"https:\\\/\\\/www.facebook.com\\\/profile.php?id=100068707299265\",\"https:\\\/\\\/www.instagram.com\\\/hussian.helmut\\\/\"],\"knowsAbout\":[\"Tischlerei\",\"Betontechnologie\",\"Tontechnik\",\"Fotografie\"],\"knowsLanguage\":[\"Deutsch\"],\"url\":\"https:\\\/\\\/www.pattymiller.at\\\/?author=2\"}]}<\/script>\n<!-- \/ Yoast SEO Premium plugin. -->","yoast_head_json":{"title":"Schlittenhunderennen \u00d6sterreich: Rassen im Fokus : Patty Miller vocal &amp; Helmut Hussian Fotografie","description":"Entdecken Sie die faszinierende Welt der Schlittenhunderennen in \u00d6sterreich und die einzigartigen Rassen, die daran teilnehmen.","robots":{"index":"index","follow":"follow","max-snippet":"max-snippet:-1","max-image-preview":"max-image-preview:large","max-video-preview":"max-video-preview:-1"},"canonical":"https:\/\/www.pattymiller.at\/?page_id=13457","og_locale":"de_DE","og_type":"article","og_title":"\u00dcber die Schlittenhunde","og_description":"Entdecken Sie die faszinierende Welt der Schlittenhunderennen in \u00d6sterreich und die einzigartigen Rassen, die daran teilnehmen.","og_url":"https:\/\/www.pattymiller.at\/?page_id=13457","og_site_name":"Patty Miller vocal &amp; Helmut Hussian Fotografie","article_modified_time":"2026-05-13T15:02:42+00:00","og_image":[{"url":"https:\/\/www.pattymiller.at\/wp-content\/uploads\/2024\/01\/Schlittenhunde-20.01.2024_P1206702-225x300.jpg","type":"","width":"","height":""}],"twitter_card":"summary_large_image","twitter_misc":{"Gesch\u00e4tzte Lesezeit":"3\u00a0Minuten"},"schema":{"@context":"https:\/\/schema.org","@graph":[{"@type":"Article","@id":"https:\/\/www.pattymiller.at\/?page_id=13457#article","isPartOf":{"@id":"https:\/\/www.pattymiller.at\/?page_id=13457"},"author":{"name":"Helmut Hussian","@id":"https:\/\/www.pattymiller.at\/#\/schema\/person\/2b569c9d086aeb5b818c521830ba5776"},"headline":"\u00dcber die Schlittenhunde","datePublished":"2024-03-02T16:19:47+00:00","dateModified":"2026-05-13T15:02:42+00:00","mainEntityOfPage":{"@id":"https:\/\/www.pattymiller.at\/?page_id=13457"},"wordCount":408,"publisher":{"@id":"https:\/\/www.pattymiller.at\/#\/schema\/person\/1f9bd0a95e4c35fba18a93b2cae5a8f9"},"image":{"@id":"https:\/\/www.pattymiller.at\/?page_id=13457#primaryimage"},"thumbnailUrl":"https:\/\/www.pattymiller.at\/wp-content\/uploads\/2024\/01\/Schlittenhunde-20.01.2024_P1206702-225x300.jpg","inLanguage":"de"},{"@type":"WebPage","@id":"https:\/\/www.pattymiller.at\/?page_id=13457","url":"https:\/\/www.pattymiller.at\/?page_id=13457","name":"Schlittenhunderennen \u00d6sterreich: Rassen im Fokus : Patty Miller vocal &amp; Helmut Hussian Fotografie","isPartOf":{"@id":"https:\/\/www.pattymiller.at\/#website"},"primaryImageOfPage":{"@id":"https:\/\/www.pattymiller.at\/?page_id=13457#primaryimage"},"image":{"@id":"https:\/\/www.pattymiller.at\/?page_id=13457#primaryimage"},"thumbnailUrl":"https:\/\/www.pattymiller.at\/wp-content\/uploads\/2024\/01\/Schlittenhunde-20.01.2024_P1206702-225x300.jpg","datePublished":"2024-03-02T16:19:47+00:00","dateModified":"2026-05-13T15:02:42+00:00","description":"Entdecken Sie die faszinierende Welt der Schlittenhunderennen in \u00d6sterreich und die einzigartigen Rassen, die daran teilnehmen.","breadcrumb":{"@id":"https:\/\/www.pattymiller.at\/?page_id=13457#breadcrumb"},"inLanguage":"de","potentialAction":[{"@type":"ReadAction","target":["https:\/\/www.pattymiller.at\/?page_id=13457"]}]},{"@type":"ImageObject","inLanguage":"de","@id":"https:\/\/www.pattymiller.at\/?page_id=13457#primaryimage","url":"https:\/\/i0.wp.com\/www.pattymiller.at\/wp-content\/uploads\/2024\/01\/Schlittenhunde-20.01.2024_P1206702.jpg?fit=1536%2C2048&ssl=1","contentUrl":"https:\/\/i0.wp.com\/www.pattymiller.at\/wp-content\/uploads\/2024\/01\/Schlittenhunde-20.01.2024_P1206702.jpg?fit=1536%2C2048&ssl=1","width":1536,"height":2048,"caption":"Samojede wartet auf seinen Einsatz"},{"@type":"BreadcrumbList","@id":"https:\/\/www.pattymiller.at\/?page_id=13457#breadcrumb","itemListElement":[{"@type":"ListItem","position":1,"name":"Startseite","item":"https:\/\/www.pattymiller.at\/"},{"@type":"ListItem","position":2,"name":"\u00dcber die Schlittenhunde"}]},{"@type":"WebSite","@id":"https:\/\/www.pattymiller.at\/#website","url":"https:\/\/www.pattymiller.at\/","name":"Patty Miller vocal &amp; Helmut Hussian Fotografie","description":"Unser Weg ist das Ziel - wir arbeiten derzeit daran!","publisher":{"@id":"https:\/\/www.pattymiller.at\/#\/schema\/person\/1f9bd0a95e4c35fba18a93b2cae5a8f9"},"potentialAction":[{"@type":"SearchAction","target":{"@type":"EntryPoint","urlTemplate":"https:\/\/www.pattymiller.at\/?s={search_term_string}"},"query-input":{"@type":"PropertyValueSpecification","valueRequired":true,"valueName":"search_term_string"}}],"inLanguage":"de"},{"@type":["Person","Organization"],"@id":"https:\/\/www.pattymiller.at\/#\/schema\/person\/2b569c9d086aeb5b818c521830ba5776","name":"Helmut Hussian","logo":{"@id":"https:\/\/www.pattymiller.at\/#\/schema\/person\/image\/"},"description":"Vieles im Leben falsch gemacht, endlich bin ich hier gelandet!","sameAs":["http:\/\/www.pattymiller.at","https:\/\/www.facebook.com\/profile.php?id=100068707299265","https:\/\/www.instagram.com\/hussian.helmut\/"],"knowsAbout":["Tischlerei","Betontechnologie","Tontechnik","Fotografie"],"knowsLanguage":["Deutsch"],"url":"https:\/\/www.pattymiller.at\/?author=2"}]}},"jetpack_sharing_enabled":true,"_links":{"self":[{"href":"https:\/\/www.pattymiller.at\/index.php?rest_route=\/wp\/v2\/pages\/13457","targetHints":{"allow":["GET"]}}],"collection":[{"href":"https:\/\/www.pattymiller.at\/index.php?rest_route=\/wp\/v2\/pages"}],"about":[{"href":"https:\/\/www.pattymiller.at\/index.php?rest_route=\/wp\/v2\/types\/page"}],"author":[{"embeddable":true,"href":"https:\/\/www.pattymiller.at\/index.php?rest_route=\/wp\/v2\/users\/2"}],"replies":[{"embeddable":true,"href":"https:\/\/www.pattymiller.at\/index.php?rest_route=%2Fwp%2Fv2%2Fcomments&post=13457"}],"version-history":[{"count":26,"href":"https:\/\/www.pattymiller.at\/index.php?rest_route=\/wp\/v2\/pages\/13457\/revisions"}],"predecessor-version":[{"id":15859,"href":"https:\/\/www.pattymiller.at\/index.php?rest_route=\/wp\/v2\/pages\/13457\/revisions\/15859"}],"wp:attachment":[{"href":"https:\/\/www.pattymiller.at\/index.php?rest_route=%2Fwp%2Fv2%2Fmedia&parent=13457"}],"curies":[{"name":"wp","href":"https:\/\/api.w.org\/{rel}","templated":true}]}}