{"id":1748,"date":"2018-09-10T17:06:17","date_gmt":"2018-09-10T15:06:17","guid":{"rendered":"http:\/\/www.pattymiller.at\/?page_id=1748"},"modified":"2026-05-06T22:50:44","modified_gmt":"2026-05-06T20:50:44","slug":"vocalcoach-patty-miller","status":"publish","type":"page","link":"https:\/\/www.pattymiller.at\/?page_id=1748","title":{"rendered":"Vocalcoach"},"content":{"rendered":"<h4><div id=\"envira-gallery-wrap-11554\" class=\"envira-gallery-wrap envira-lazy-loading-enabled envira-layout-automatic\" itemscope itemtype=\"https:\/\/schema.org\/ImageGallery\"><div class=\"envira-loader\"><div><\/div><div><\/div><div><\/div><div><\/div><\/div><div class=\"envira-gallery-description envira-gallery-description-above\" style=\"padding-bottom: 10px;\"><p>Patty Miller in ihrem Vocal-Studio beim Unterricht!<\/p>\n<\/div><div id=\"envira-gallery-11554\" class=\"envira-gallery-public envira-gallery-0-columns envira-clear envira-gallery-justified-public\" data-envira-id=\"11554\" data-gallery-config='{\"type\":\"default\",\"layout\":\"automatic\",\"columns\":\"0\",\"gallery_theme\":\"base\",\"justified_margins\":8,\"justified_last_row\":\"center\",\"lazy_loading\":1,\"lazy_loading_delay\":500,\"gutter\":10,\"margin\":10,\"image_size\":\"default\",\"square_size\":300,\"crop_width\":640,\"crop_height\":480,\"crop\":0,\"crop_position\":\"c\",\"additional_copy_0\":0,\"additional_copy_title\":0,\"additional_copy_caption\":0,\"additional_copy_title_caption\":0,\"additional_copy_0_mobile\":0,\"additional_copy_title_mobile\":0,\"additional_copy_caption_mobile\":0,\"additional_copy_title_caption_mobile\":0,\"gallery_column_title_caption\":\"0\",\"gallery_column_title_caption_mobile\":\"0\",\"additional_copy_automatic_0\":0,\"additional_copy_automatic_title\":0,\"additional_copy_automatic_caption\":0,\"additional_copy_automatic_title_caption\":0,\"additional_copy_automatic_0_mobile\":0,\"additional_copy_automatic_title_mobile\":0,\"additional_copy_automatic_caption_mobile\":0,\"additional_copy_automatic_title_caption_mobile\":0,\"gallery_automatic_title_caption\":\"title\",\"gallery_automatic_title_caption_mobile\":\"0\",\"justified_row_height\":300,\"description_position\":\"above\",\"description\":\"Patty Miller in ihrem Vocal-Studio beim Unterricht!\",\"random\":\"0\",\"sort_order\":\"0\",\"sorting_direction\":\"ASC\",\"image_sizes_random\":[],\"isotope\":0,\"lightbox_enabled\":1,\"gallery_link_enabled\":1,\"lightbox_theme\":\"base_dark\",\"lightbox_image_size\":\"default\",\"title_display\":\"float\",\"lightbox_title_caption\":\"title\",\"arrows\":1,\"arrows_position\":\"inside\",\"toolbar\":0,\"toolbar_title\":0,\"toolbar_position\":\"top\",\"loop\":1,\"lightbox_open_close_effect\":\"fade\",\"effect\":\"fade\",\"supersize\":0,\"thumbnails_toggle\":0,\"thumbnails_hide\":0,\"image_counter\":0,\"thumbnails\":1,\"thumbnails_width\":\"auto\",\"thumbnails_height\":\"auto\",\"thumbnails_position\":\"bottom\",\"thumbnails_custom_size\":0,\"mobile\":1,\"mobile_width\":320,\"mobile_height\":240,\"mobile_lightbox\":1,\"mobile_gallery_link_enabled\":0,\"mobile_arrows\":1,\"mobile_toolbar\":1,\"mobile_thumbnails\":1,\"mobile_touchwipe_close\":0,\"mobile_thumbnails_width\":75,\"mobile_thumbnails_height\":50,\"mobile_justified_row_height\":80,\"keyboard\":true,\"standalone_template\":\"\",\"classes\":[\"\"],\"rtl\":0,\"slug\":\"vocalstudio\",\"protection\":1,\"protection_popup\":0,\"protection_message\":\"\",\"protection_title\":\"\",\"protection_button_text\":\"\",\"slideshow\":0,\"autoplay\":0,\"slideshow_hover\":0,\"ss_speed\":5000,\"watermarking\":0,\"watermarking_image_id\":0,\"watermarking_position\":\"bottom-right\",\"watermarking_margin\":10,\"lightbox_html_caption\":0,\"zoom\":0,\"zoom_hover\":0,\"zoom_position\":\"upper-left\",\"zoom_type\":\"basic\",\"zoom_effect\":\"fade-in\",\"zoom_lens_shape\":\"round\",\"zoom_lens_cursor\":1,\"zoom_window_size\":\"medium\",\"zoom_tint_color\":\"\",\"zoom_tint_color_opacity\":\"25\",\"zoom_mousewheel\":0,\"zoom_size\":200,\"mobile_zoom\":0,\"videos_play_icon\":0,\"videos_play_icon_thumbnails\":0,\"videos_autoplay\":0,\"videos_enlarge\":0,\"videos_playpause\":1,\"videos_progress\":1,\"videos_current\":1,\"videos_duration\":1,\"videos_volume\":1,\"videos_controls\":1,\"videos_fullscreen\":1,\"videos_download\":1,\"gallery_id\":\"11554\"}' data-gallery-images='[{\"status\":\"active\",\"src\":\"https:\\\/\\\/www.pattymiller.at\\\/wp-content\\\/uploads\\\/2021\\\/11\\\/Vocalstudio-IMG_2821.jpg\",\"title\":\"Patty Miller Coacht eine Sch&uuml;lerin\",\"link\":\"http:\\\/\\\/www.pattymiller.at\\\/wp-content\\\/uploads\\\/2021\\\/11\\\/Vocalstudio-IMG_2821.jpg\",\"alt\":\"Patty und eine Sch&uuml;lerin\",\"caption\":\"Gesangsunterricht\",\"thumb\":\"https:\\\/\\\/www.pattymiller.at\\\/wp-content\\\/uploads\\\/2021\\\/11\\\/Vocalstudio-IMG_2821-75x50_c.jpg\",\"meta\":{\"aperture\":\"5.6\",\"credit\":\"Helmut Hussian\",\"camera\":\"Canon EOS 400D DIGITAL\",\"caption\":\"Gesangsunterricht\",\"created_timestamp\":\"1209892708\",\"copyright\":\"Helmut Hussian, hussian.helmut@chello.at\",\"focal_length\":\"55\",\"iso\":\"400\",\"shutter_speed\":\"0.016666666666667\",\"title\":\"Patty Miller Coacht\",\"orientation\":\"1\",\"keywords\":null},\"thumbnail\":\"https:\\\/\\\/i0.wp.com\\\/www.pattymiller.at\\\/wp-content\\\/uploads\\\/2021\\\/11\\\/Vocalstudio-IMG_2821.jpg?resize=150%2C150&ssl=1\",\"medium\":\"https:\\\/\\\/i0.wp.com\\\/www.pattymiller.at\\\/wp-content\\\/uploads\\\/2021\\\/11\\\/Vocalstudio-IMG_2821.jpg?fit=250%2C187&ssl=1\",\"medium_large\":\"https:\\\/\\\/i0.wp.com\\\/www.pattymiller.at\\\/wp-content\\\/uploads\\\/2021\\\/11\\\/Vocalstudio-IMG_2821.jpg?fit=330%2C247&ssl=1\",\"large\":\"https:\\\/\\\/i0.wp.com\\\/www.pattymiller.at\\\/wp-content\\\/uploads\\\/2021\\\/11\\\/Vocalstudio-IMG_2821.jpg?fit=330%2C247&ssl=1\",\"1536x1536\":\"https:\\\/\\\/i0.wp.com\\\/www.pattymiller.at\\\/wp-content\\\/uploads\\\/2021\\\/11\\\/Vocalstudio-IMG_2821.jpg?fit=330%2C247&ssl=1\",\"2048x2048\":\"https:\\\/\\\/i0.wp.com\\\/www.pattymiller.at\\\/wp-content\\\/uploads\\\/2021\\\/11\\\/Vocalstudio-IMG_2821.jpg?fit=330%2C247&ssl=1\",\"graphene_slider\":\"https:\\\/\\\/i0.wp.com\\\/www.pattymiller.at\\\/wp-content\\\/uploads\\\/2021\\\/11\\\/Vocalstudio-IMG_2821.jpg?resize=330%2C247&ssl=1\",\"graphene_featured_image\":\"https:\\\/\\\/i0.wp.com\\\/www.pattymiller.at\\\/wp-content\\\/uploads\\\/2021\\\/11\\\/Vocalstudio-IMG_2821.jpg?fit=330%2C247&ssl=1\",\"graphene-homepage-pane\":\"https:\\\/\\\/i0.wp.com\\\/www.pattymiller.at\\\/wp-content\\\/uploads\\\/2021\\\/11\\\/Vocalstudio-IMG_2821.jpg?resize=330%2C187&ssl=1\",\"post-thumbnail\":\"https:\\\/\\\/i0.wp.com\\\/www.pattymiller.at\\\/wp-content\\\/uploads\\\/2021\\\/11\\\/Vocalstudio-IMG_2821.jpg?resize=330%2C240&ssl=1\",\"picu-thumbnail\":\"https:\\\/\\\/i0.wp.com\\\/www.pattymiller.at\\\/wp-content\\\/uploads\\\/2021\\\/11\\\/Vocalstudio-IMG_2821.jpg?resize=180%2C180&ssl=1\",\"picu-small\":\"https:\\\/\\\/i0.wp.com\\\/www.pattymiller.at\\\/wp-content\\\/uploads\\\/2021\\\/11\\\/Vocalstudio-IMG_2821.jpg?fit=330%2C247&ssl=1\",\"picu-medium\":\"https:\\\/\\\/i0.wp.com\\\/www.pattymiller.at\\\/wp-content\\\/uploads\\\/2021\\\/11\\\/Vocalstudio-IMG_2821.jpg?fit=330%2C247&ssl=1\",\"picu-large\":\"https:\\\/\\\/i0.wp.com\\\/www.pattymiller.at\\\/wp-content\\\/uploads\\\/2021\\\/11\\\/Vocalstudio-IMG_2821.jpg?fit=330%2C247&ssl=1\",\"full\":\"https:\\\/\\\/i0.wp.com\\\/www.pattymiller.at\\\/wp-content\\\/uploads\\\/2021\\\/11\\\/Vocalstudio-IMG_2821.jpg?fit=330%2C247&ssl=1\",\"index\":0,\"id\":11585,\"video\":false,\"opts\":{\"caption\":\"Gesangsunterricht\",\"thumb\":\"https:\\\/\\\/www.pattymiller.at\\\/wp-content\\\/uploads\\\/2021\\\/11\\\/Vocalstudio-IMG_2821-75x50_c.jpg\",\"title\":\"Patty Miller Coacht eine Sch&uuml;lerin\"},\"gallery_id\":\"11554\"}]' data-lightbox-theme='{&quot;arrows&quot;:true,&quot;margins&quot;:[120,0],&quot;gutter&quot;:&quot;100&quot;,&quot;thumbs_position&quot;:&quot;bottom&quot;,&quot;base_template&quot;:&quot;&lt;div id=\\&quot;envirabox-11554\\&quot; data-envirabox-id=\\&quot;11554\\&quot; class=\\&quot;envirabox-container envirabox-theme-base_dark envirabox-wrap\\&quot; role=\\&quot;dialog\\&quot;&gt;&lt;div class=\\&quot;envirabox-bg\\&quot;&gt;&lt;\\\/div&gt;&lt;div class=\\&quot;envirabox-outer\\&quot;&gt;&lt;div class=\\&quot;envirabox-inner\\&quot;&gt;&lt;div class=\\&quot;envirabox-caption-wrap\\&quot;&gt;&lt;div class=\\&quot;envirabox-title\\&quot;&gt;&lt;\\\/div&gt;&lt;\\\/div&gt;&lt;div class=\\&quot;envirabox-toolbar\\&quot;&gt;&lt;div class=\\&quot;envira-close-button\\&quot;&gt;&lt;a data-envirabox-close class=\\&quot;envirabox-item envirabox-close envirabox-button--close\\&quot; title=\\&quot;Close\\&quot; href=\\&quot;#\\&quot;&gt;&lt;\\\/a&gt;&lt;\\\/div&gt;&lt;\\\/div&gt;&lt;div class=\\&quot;envirabox-navigation\\&quot;&gt;&lt;a data-envirabox-prev title=\\&quot;Prev\\&quot; class=\\&quot;envirabox-arrow envirabox-arrow--left envirabox-nav envirabox-prev\\&quot; href=\\&quot;#\\&quot;&gt;&lt;span&gt;&lt;\\\/span&gt;&lt;\\\/a&gt;&lt;a data-envirabox-next title=\\&quot;Next\\&quot; class=\\&quot;envirabox-arrow envirabox-arrow--right envirabox-nav envirabox-next\\&quot; href=\\&quot;#\\&quot;&gt;&lt;span&gt;&lt;\\\/span&gt;&lt;\\\/a&gt;&lt;\\\/div&gt;&lt;div class=\\&quot;envirabox-stage\\&quot;&gt;&lt;\\\/div&gt;&lt;\\\/div&gt;&lt;\\\/div&gt;&lt;\\\/div&gt;&quot;,&quot;load_all&quot;:false,&quot;error_template&quot;:&quot;&lt;div class=\\&quot;envirabox-error\\&quot;&gt;&lt;p&gt;{{ERROR}}&lt;p&gt;&lt;\\\/div&gt;&quot;,&quot;inner_caption&quot;:false,&quot;caption_position&quot;:false,&quot;arrow_position&quot;:false,&quot;toolbar&quot;:true,&quot;infobar&quot;:false,&quot;show_smallbtn&quot;:false,&quot;idle_time&quot;:false,&quot;click_content&quot;:false,&quot;click_slide&quot;:false,&quot;click_outside&quot;:false,&quot;animation_duration&quot;:false,&quot;transition_duration&quot;:false,&quot;small_btn_template&quot;:&quot;&lt;a data-envirabox-close class=\\&quot;envirabox-item envirabox-close envirabox-button--close\\&quot; title=\\&quot;Close\\&quot; href=\\&quot;#\\&quot;&gt;&lt;\\\/a&gt;&quot;}' data-parsed-attrs='{\"id\":\"11554\",\"cache\":true}'><div id=\"envira-gallery-item-11585\" class=\"envira-gallery-item envira-gallery-item-1 envira-lazy-load\" style=\"padding-left: 5px; padding-bottom: 10px; padding-right: 5px;\"  itemscope itemtype=\"https:\/\/schema.org\/ImageObject\"><div class=\"envira-gallery-item-inner\"><div class=\"envira-gallery-position-overlay envira-gallery-top-left\"><\/div><div class=\"envira-gallery-position-overlay envira-gallery-top-right\"><\/div><div class=\"envira-gallery-position-overlay envira-gallery-bottom-left\"><\/div><div class=\"envira-gallery-position-overlay envira-gallery-bottom-right\"><\/div><a class=\"envira-gallery-11554 envira-gallery-link\" href=\"https:\/\/i0.wp.com\/www.pattymiller.at\/wp-content\/uploads\/2021\/11\/Vocalstudio-IMG_2821.jpg?ssl=1\" title=\"Patty Miller Coacht eine Sch\u00fclerin\" data-caption=\"Gesangsunterricht\" data-envira-item-id=\"11585\" data-envira-retina=\"https:\/\/i0.wp.com\/www.pattymiller.at\/wp-content\/uploads\/2021\/11\/Vocalstudio-IMG_2821.jpg?fit=330%2C247&ssl=1\" data-thumb=\"https:\/\/www.pattymiller.at\/wp-content\/uploads\/2021\/11\/Vocalstudio-IMG_2821-75x50_c.jpg\" data-title=\"Patty Miller Coacht eine Sch&uuml;lerin\" data-envirabox='11554' itemprop=\"contentUrl\"><img fetchpriority=\"high\" decoding=\"async\" src=\"https:\/\/i0.wp.com\/www.pattymiller.at\/wp-content\/uploads\/2021\/11\/Vocalstudio-IMG_2821.jpg?fit=330%2C247&amp;ssl=1\" alt=\"Patty und eine Sch&uuml;lerin\" class=\"envira-gallery-image envira-gallery-image-1    envira-lazy\" height=\"480\" id=\"envira-gallery-image-11585\" srcset=\"data:image\/gif;base64,R0lGODlhAQABAIAAAP\/\/\/\/\/\/\/yH5BAEKAAEALAAAAAABAAEAAAICTAEAOw==\" tabindex=\"-1\" title=\"Patty Miller Coacht eine Sch\u00fclerin\" width=\"640\" data-caption=\"Gesangsunterricht\" data-envira-gallery-id=\"11554\" data-envira-index=\"0\" data-envira-item-id=\"11585\" data-envira-src=\"https:\/\/i0.wp.com\/www.pattymiller.at\/wp-content\/uploads\/2021\/11\/Vocalstudio-IMG_2821.jpg?fit=330%2C247&amp;ssl=1\" data-envira-srcset=\"https:\/\/i0.wp.com\/www.pattymiller.at\/wp-content\/uploads\/2021\/11\/Vocalstudio-IMG_2821.jpg?fit=330%2C247&amp;ssl=1 400w, https:\/\/i0.wp.com\/www.pattymiller.at\/wp-content\/uploads\/2021\/11\/Vocalstudio-IMG_2821.jpg?fit=330%2C247&amp;ssl=1 2x\" data-title=\"Patty Miller Coacht eine Sch&uuml;lerin\" itemprop=\"thumbnailUrl\"  draggable=\"false\" onmousedown=\"event.preventDefault()\"  data-envirabox=\"11554\" data-automatic-caption=\"Patty Miller Coacht eine Sch\u00fclerin\" data-envira-height=\"187\" data-envira-width=\"250\" \/><\/a><\/div><\/div><\/div><\/div><noscript><img data-recalc-dims=\"1\" src=\"https:\/\/i0.wp.com\/www.pattymiller.at\/wp-content\/uploads\/2021\/11\/Vocalstudio-IMG_2821.jpg?w=750\" alt='Patty und eine Sch\u00fclerin' class='envira_noscript_images ' \/><\/noscript><\/h4>\n<p>Patty Miller ein erfolgreicher Vocal-Coach!<\/p>\n<p>Auch Patty Miller stand einmal genauso, wie viele andere, vor der Frage:<br \/>\nWO lerne ich besser singen?<br \/>\nNach dem Konservatorium stand f\u00fcr sie fest, sie wollte ein Studio einzurichten, um ihre Erfahrungen weiterzugeben. Das war 1999 !<br \/>\nSeither sind viele, auch namhafte Sch\u00fclerInnen durch Patty Miller zum Erfolg gekommen.<br \/>\nN\u00fctzen Sie die langj\u00e4hrigen Erfahrungen von Patty Miller als gelernte P\u00e4dagogin und S\u00e4ngerin!<br \/>\nSchneller und besser singen lernt man mit Patty Miller!<\/p>\n<p>Das Vocal-Studio musste Patty Miller wegen andauernder Baut\u00e4tigkeit und daher unzumutbarer L\u00e4rmbel\u00e4stigung schlie\u00dfen!<\/p>\n<h4 style=\"text-align: left;\"><span style=\"color: #ff0000;\">Leider musste Patty Miller aus gesundheitlichen Gr\u00fcnden die Lehrt\u00e4tigkeit einstellen!<\/span><\/h4>\n","protected":false},"excerpt":{"rendered":"<p>Patty Miller ein erfolgreicher Vocal-Coach! Auch Patty Miller stand einmal genauso, wie viele andere, vor der Frage: WO lerne ich besser singen? Nach dem Konservatorium stand f\u00fcr sie fest, sie wollte ein Studio einzurichten, um ihre Erfahrungen weiterzugeben. Das war 1999 ! Seither sind viele, auch namhafte Sch\u00fclerInnen durch Patty Miller zum Erfolg gekommen. N\u00fctzen &hellip; <\/p>\n<p><a class=\"more-link btn\" href=\"https:\/\/www.pattymiller.at\/?page_id=1748\">Weiterlesen<\/a><\/p>\n","protected":false},"author":2,"featured_media":0,"parent":0,"menu_order":0,"comment_status":"closed","ping_status":"closed","template":"","meta":{"footnotes":""},"class_list":["post-1748","page","type-page","status-publish","hentry","nodate","item-wrap"],"yoast_head":"<!-- This site is optimized with the Yoast SEO Premium plugin v27.6 (Yoast SEO v27.6) - https:\/\/yoast.com\/product\/yoast-seo-premium-wordpress\/ -->\n<title>Vocalcoach : Patty Miller vocal &amp; Helmut Hussian Fotografie<\/title>\n<meta name=\"description\" content=\"Patty Miller: Die richtige Wahl f\u00fcr Ihren Gesangsunterricht. Profitieren Sie von ihrer Erfahrung als P\u00e4dagogin und S\u00e4ngerin.\" \/>\n<meta name=\"robots\" content=\"index, follow, max-snippet:-1, max-image-preview:large, max-video-preview:-1\" \/>\n<link rel=\"canonical\" href=\"https:\/\/www.pattymiller.at\/?page_id=1748\" \/>\n<meta property=\"og:locale\" content=\"de_DE\" \/>\n<meta property=\"og:type\" content=\"article\" \/>\n<meta property=\"og:title\" content=\"Vocalcoach\" \/>\n<meta property=\"og:description\" content=\"Patty Miller: Die richtige Wahl f\u00fcr Ihren Gesangsunterricht. Profitieren Sie von ihrer Erfahrung als P\u00e4dagogin und S\u00e4ngerin.\" \/>\n<meta property=\"og:url\" content=\"https:\/\/www.pattymiller.at\/?page_id=1748\" \/>\n<meta property=\"og:site_name\" content=\"Patty Miller vocal &amp; Helmut Hussian Fotografie\" \/>\n<meta property=\"article:modified_time\" content=\"2026-05-06T20:50:44+00:00\" \/>\n<meta name=\"twitter:card\" content=\"summary_large_image\" \/>\n<meta name=\"twitter:label1\" content=\"Gesch\u00e4tzte Lesezeit\" \/>\n\t<meta name=\"twitter:data1\" content=\"1\u00a0Minute\" \/>\n<script type=\"application\/ld+json\" class=\"yoast-schema-graph\">{\"@context\":\"https:\\\/\\\/schema.org\",\"@graph\":[{\"@type\":[\"Article\",\"Report\"],\"@id\":\"https:\\\/\\\/www.pattymiller.at\\\/?page_id=1748#article\",\"isPartOf\":{\"@id\":\"https:\\\/\\\/www.pattymiller.at\\\/?page_id=1748\"},\"author\":{\"name\":\"Helmut Hussian\",\"@id\":\"https:\\\/\\\/www.pattymiller.at\\\/#\\\/schema\\\/person\\\/2b569c9d086aeb5b818c521830ba5776\"},\"headline\":\"Vocalcoach\",\"datePublished\":\"2018-09-10T15:06:17+00:00\",\"dateModified\":\"2026-05-06T20:50:44+00:00\",\"mainEntityOfPage\":{\"@id\":\"https:\\\/\\\/www.pattymiller.at\\\/?page_id=1748\"},\"wordCount\":112,\"publisher\":{\"@id\":\"https:\\\/\\\/www.pattymiller.at\\\/#\\\/schema\\\/person\\\/1f9bd0a95e4c35fba18a93b2cae5a8f9\"},\"inLanguage\":\"de\"},{\"@type\":\"WebPage\",\"@id\":\"https:\\\/\\\/www.pattymiller.at\\\/?page_id=1748\",\"url\":\"https:\\\/\\\/www.pattymiller.at\\\/?page_id=1748\",\"name\":\"Vocalcoach : Patty Miller vocal &amp; Helmut Hussian Fotografie\",\"isPartOf\":{\"@id\":\"https:\\\/\\\/www.pattymiller.at\\\/#website\"},\"datePublished\":\"2018-09-10T15:06:17+00:00\",\"dateModified\":\"2026-05-06T20:50:44+00:00\",\"description\":\"Patty Miller: Die richtige Wahl f\u00fcr Ihren Gesangsunterricht. Profitieren Sie von ihrer Erfahrung als P\u00e4dagogin und S\u00e4ngerin.\",\"breadcrumb\":{\"@id\":\"https:\\\/\\\/www.pattymiller.at\\\/?page_id=1748#breadcrumb\"},\"inLanguage\":\"de\",\"potentialAction\":[{\"@type\":\"ReadAction\",\"target\":[\"https:\\\/\\\/www.pattymiller.at\\\/?page_id=1748\"]}]},{\"@type\":\"BreadcrumbList\",\"@id\":\"https:\\\/\\\/www.pattymiller.at\\\/?page_id=1748#breadcrumb\",\"itemListElement\":[{\"@type\":\"ListItem\",\"position\":1,\"name\":\"Startseite\",\"item\":\"https:\\\/\\\/www.pattymiller.at\\\/\"},{\"@type\":\"ListItem\",\"position\":2,\"name\":\"Vocalcoach\"}]},{\"@type\":\"WebSite\",\"@id\":\"https:\\\/\\\/www.pattymiller.at\\\/#website\",\"url\":\"https:\\\/\\\/www.pattymiller.at\\\/\",\"name\":\"Patty Miller vocal &amp; Helmut Hussian Fotografie\",\"description\":\"Unser Weg ist das Ziel - wir arbeiten derzeit daran!\",\"publisher\":{\"@id\":\"https:\\\/\\\/www.pattymiller.at\\\/#\\\/schema\\\/person\\\/1f9bd0a95e4c35fba18a93b2cae5a8f9\"},\"potentialAction\":[{\"@type\":\"SearchAction\",\"target\":{\"@type\":\"EntryPoint\",\"urlTemplate\":\"https:\\\/\\\/www.pattymiller.at\\\/?s={search_term_string}\"},\"query-input\":{\"@type\":\"PropertyValueSpecification\",\"valueRequired\":true,\"valueName\":\"search_term_string\"}}],\"inLanguage\":\"de\"},{\"@type\":[\"Person\",\"Organization\"],\"@id\":\"https:\\\/\\\/www.pattymiller.at\\\/#\\\/schema\\\/person\\\/1f9bd0a95e4c35fba18a93b2cae5a8f9\",\"name\":\"Helmut Hussian\",\"image\":{\"@type\":\"ImageObject\",\"inLanguage\":\"de\",\"@id\":\"https:\\\/\\\/i0.wp.com\\\/www.pattymiller.at\\\/wp-content\\\/uploads\\\/2018\\\/05\\\/cropped-cropped-cropped-cropped-jazzlogo.png?fit=512%2C512&ssl=1\",\"url\":\"https:\\\/\\\/i0.wp.com\\\/www.pattymiller.at\\\/wp-content\\\/uploads\\\/2018\\\/05\\\/cropped-cropped-cropped-cropped-jazzlogo.png?fit=512%2C512&ssl=1\",\"contentUrl\":\"https:\\\/\\\/i0.wp.com\\\/www.pattymiller.at\\\/wp-content\\\/uploads\\\/2018\\\/05\\\/cropped-cropped-cropped-cropped-jazzlogo.png?fit=512%2C512&ssl=1\",\"width\":512,\"height\":512,\"caption\":\"Helmut Hussian\"},\"logo\":{\"@id\":\"https:\\\/\\\/i0.wp.com\\\/www.pattymiller.at\\\/wp-content\\\/uploads\\\/2018\\\/05\\\/cropped-cropped-cropped-cropped-jazzlogo.png?fit=512%2C512&ssl=1\"},\"description\":\"Vieles im Leben ausprobiert, nicht immer das gescheiterte getan. So kam ich zur Musik und zur Fotografie.\",\"sameAs\":[\"http:\\\/\\\/www.pattymiller.at\"],\"knowsLanguage\":[\"Deutsch\"]},{\"@type\":\"Person\",\"@id\":\"https:\\\/\\\/www.pattymiller.at\\\/#\\\/schema\\\/person\\\/2b569c9d086aeb5b818c521830ba5776\",\"name\":\"Helmut Hussian\",\"description\":\"Vieles im Leben falsch gemacht, endlich bin ich hier gelandet!\",\"sameAs\":[\"http:\\\/\\\/www.pattymiller.at\",\"https:\\\/\\\/www.facebook.com\\\/profile.php?id=100068707299265\",\"https:\\\/\\\/www.instagram.com\\\/hussian.helmut\\\/\"],\"knowsAbout\":[\"Tischlerei\",\"Betontechnologie\",\"Tontechnik\",\"Fotografie\"],\"knowsLanguage\":[\"Deutsch\"],\"url\":\"https:\\\/\\\/www.pattymiller.at\\\/?author=2\"}]}<\/script>\n<!-- \/ Yoast SEO Premium plugin. -->","yoast_head_json":{"title":"Vocalcoach : Patty Miller vocal &amp; Helmut Hussian Fotografie","description":"Patty Miller: Die richtige Wahl f\u00fcr Ihren Gesangsunterricht. Profitieren Sie von ihrer Erfahrung als P\u00e4dagogin und S\u00e4ngerin.","robots":{"index":"index","follow":"follow","max-snippet":"max-snippet:-1","max-image-preview":"max-image-preview:large","max-video-preview":"max-video-preview:-1"},"canonical":"https:\/\/www.pattymiller.at\/?page_id=1748","og_locale":"de_DE","og_type":"article","og_title":"Vocalcoach","og_description":"Patty Miller: Die richtige Wahl f\u00fcr Ihren Gesangsunterricht. Profitieren Sie von ihrer Erfahrung als P\u00e4dagogin und S\u00e4ngerin.","og_url":"https:\/\/www.pattymiller.at\/?page_id=1748","og_site_name":"Patty Miller vocal &amp; Helmut Hussian Fotografie","article_modified_time":"2026-05-06T20:50:44+00:00","twitter_card":"summary_large_image","twitter_misc":{"Gesch\u00e4tzte Lesezeit":"1\u00a0Minute"},"schema":{"@context":"https:\/\/schema.org","@graph":[{"@type":["Article","Report"],"@id":"https:\/\/www.pattymiller.at\/?page_id=1748#article","isPartOf":{"@id":"https:\/\/www.pattymiller.at\/?page_id=1748"},"author":{"name":"Helmut Hussian","@id":"https:\/\/www.pattymiller.at\/#\/schema\/person\/2b569c9d086aeb5b818c521830ba5776"},"headline":"Vocalcoach","datePublished":"2018-09-10T15:06:17+00:00","dateModified":"2026-05-06T20:50:44+00:00","mainEntityOfPage":{"@id":"https:\/\/www.pattymiller.at\/?page_id=1748"},"wordCount":112,"publisher":{"@id":"https:\/\/www.pattymiller.at\/#\/schema\/person\/1f9bd0a95e4c35fba18a93b2cae5a8f9"},"inLanguage":"de"},{"@type":"WebPage","@id":"https:\/\/www.pattymiller.at\/?page_id=1748","url":"https:\/\/www.pattymiller.at\/?page_id=1748","name":"Vocalcoach : Patty Miller vocal &amp; Helmut Hussian Fotografie","isPartOf":{"@id":"https:\/\/www.pattymiller.at\/#website"},"datePublished":"2018-09-10T15:06:17+00:00","dateModified":"2026-05-06T20:50:44+00:00","description":"Patty Miller: Die richtige Wahl f\u00fcr Ihren Gesangsunterricht. Profitieren Sie von ihrer Erfahrung als P\u00e4dagogin und S\u00e4ngerin.","breadcrumb":{"@id":"https:\/\/www.pattymiller.at\/?page_id=1748#breadcrumb"},"inLanguage":"de","potentialAction":[{"@type":"ReadAction","target":["https:\/\/www.pattymiller.at\/?page_id=1748"]}]},{"@type":"BreadcrumbList","@id":"https:\/\/www.pattymiller.at\/?page_id=1748#breadcrumb","itemListElement":[{"@type":"ListItem","position":1,"name":"Startseite","item":"https:\/\/www.pattymiller.at\/"},{"@type":"ListItem","position":2,"name":"Vocalcoach"}]},{"@type":"WebSite","@id":"https:\/\/www.pattymiller.at\/#website","url":"https:\/\/www.pattymiller.at\/","name":"Patty Miller vocal &amp; Helmut Hussian Fotografie","description":"Unser Weg ist das Ziel - wir arbeiten derzeit daran!","publisher":{"@id":"https:\/\/www.pattymiller.at\/#\/schema\/person\/1f9bd0a95e4c35fba18a93b2cae5a8f9"},"potentialAction":[{"@type":"SearchAction","target":{"@type":"EntryPoint","urlTemplate":"https:\/\/www.pattymiller.at\/?s={search_term_string}"},"query-input":{"@type":"PropertyValueSpecification","valueRequired":true,"valueName":"search_term_string"}}],"inLanguage":"de"},{"@type":["Person","Organization"],"@id":"https:\/\/www.pattymiller.at\/#\/schema\/person\/1f9bd0a95e4c35fba18a93b2cae5a8f9","name":"Helmut Hussian","image":{"@type":"ImageObject","inLanguage":"de","@id":"https:\/\/i0.wp.com\/www.pattymiller.at\/wp-content\/uploads\/2018\/05\/cropped-cropped-cropped-cropped-jazzlogo.png?fit=512%2C512&ssl=1","url":"https:\/\/i0.wp.com\/www.pattymiller.at\/wp-content\/uploads\/2018\/05\/cropped-cropped-cropped-cropped-jazzlogo.png?fit=512%2C512&ssl=1","contentUrl":"https:\/\/i0.wp.com\/www.pattymiller.at\/wp-content\/uploads\/2018\/05\/cropped-cropped-cropped-cropped-jazzlogo.png?fit=512%2C512&ssl=1","width":512,"height":512,"caption":"Helmut Hussian"},"logo":{"@id":"https:\/\/i0.wp.com\/www.pattymiller.at\/wp-content\/uploads\/2018\/05\/cropped-cropped-cropped-cropped-jazzlogo.png?fit=512%2C512&ssl=1"},"description":"Vieles im Leben ausprobiert, nicht immer das gescheiterte getan. So kam ich zur Musik und zur Fotografie.","sameAs":["http:\/\/www.pattymiller.at"],"knowsLanguage":["Deutsch"]},{"@type":"Person","@id":"https:\/\/www.pattymiller.at\/#\/schema\/person\/2b569c9d086aeb5b818c521830ba5776","name":"Helmut Hussian","description":"Vieles im Leben falsch gemacht, endlich bin ich hier gelandet!","sameAs":["http:\/\/www.pattymiller.at","https:\/\/www.facebook.com\/profile.php?id=100068707299265","https:\/\/www.instagram.com\/hussian.helmut\/"],"knowsAbout":["Tischlerei","Betontechnologie","Tontechnik","Fotografie"],"knowsLanguage":["Deutsch"],"url":"https:\/\/www.pattymiller.at\/?author=2"}]}},"jetpack_sharing_enabled":true,"_links":{"self":[{"href":"https:\/\/www.pattymiller.at\/index.php?rest_route=\/wp\/v2\/pages\/1748","targetHints":{"allow":["GET"]}}],"collection":[{"href":"https:\/\/www.pattymiller.at\/index.php?rest_route=\/wp\/v2\/pages"}],"about":[{"href":"https:\/\/www.pattymiller.at\/index.php?rest_route=\/wp\/v2\/types\/page"}],"author":[{"embeddable":true,"href":"https:\/\/www.pattymiller.at\/index.php?rest_route=\/wp\/v2\/users\/2"}],"replies":[{"embeddable":true,"href":"https:\/\/www.pattymiller.at\/index.php?rest_route=%2Fwp%2Fv2%2Fcomments&post=1748"}],"version-history":[{"count":25,"href":"https:\/\/www.pattymiller.at\/index.php?rest_route=\/wp\/v2\/pages\/1748\/revisions"}],"predecessor-version":[{"id":15765,"href":"https:\/\/www.pattymiller.at\/index.php?rest_route=\/wp\/v2\/pages\/1748\/revisions\/15765"}],"wp:attachment":[{"href":"https:\/\/www.pattymiller.at\/index.php?rest_route=%2Fwp%2Fv2%2Fmedia&parent=1748"}],"curies":[{"name":"wp","href":"https:\/\/api.w.org\/{rel}","templated":true}]}}