{"id":1781,"date":"2026-03-20T17:35:27","date_gmt":"2026-03-20T16:35:27","guid":{"rendered":"http:\/\/www.pattymiller.at\/?page_id=1781"},"modified":"2026-03-20T17:35:27","modified_gmt":"2026-03-20T16:35:27","slug":"biopatty","status":"publish","type":"page","link":"https:\/\/www.pattymiller.at\/?page_id=1781","title":{"rendered":"Bio Patty Miller"},"content":{"rendered":"<hr class=\"wp-block-separator has-alpha-channel-opacity\" \/>\r\n\r\n\r\n<h4 class=\"wp-block-heading has-contrast-color has-base-2-background-color has-text-color has-background has-link-color has-large-font-size wp-elements-6743859f1f27281db0d9ac2f98378054\">Ein durchaus logischer, biologischer, Werdegang!<\/h4>\r\n\r\n\r\n\r\n<p class=\"has-medium-font-size\">Geboren in NRW\/BRD und als\u00a0klein Patty das Licht der Welt erblickte und den ber\u00fchmten Klaps auf den &#8230; bekam, stand bereits das erste hohe &#8220;C&#8221; lupenrein im Raum.<br \/>Heutige Stimmlage Hochalt, Tonumfang: 4 Oktaven.<\/p>\r\n\r\n\r\n\r\n<p class=\"has-medium-font-size\">&#8220;Die lauteste Stimme im Kirchenchor&#8221;<br \/>(Der r\u00fcckblickende Pfarrer).<br \/>Es dauerte auch nicht lange und Patty entdeckte auch den Jazz f\u00fcr sich.<br \/>Ihr k\u00fcnstlerisch breit gespannter Bogen reicht vom Old-Time-Jazz bis weit in den Pop!<\/p>\r\n\r\n\r\n\r\n<p class=\"has-medium-font-size\">1991 \u00dcbersiedlung nach \u00d6sterreich<br \/>1996 gr\u00fcndung der\u00a0 &#8220;Miss Patty Miller Band&#8221; in Wien<br \/>1999 gr\u00fcndung des Vocal-Studio<br \/>2002 Erweiterung mit einem Tonstudio und\u00a0 Einspielung ihrer Eigenkompositionen und Playbacks.<br \/>2002 gr\u00fcndung einer zweite Band und pr\u00e4sentierte mit dieser &#8211; und in Anlehnung an Tina Turner ein komplettes 2-Stunden Live-Programm unter dem Titel:<br \/><em>&#8220;Popadrenalin feat.: Patty Miller&#8221;<\/em>\u00a0 gemischt mit Eigenkompositionen.<br \/>2005 entstand das Gospelprogramm:<br \/><em>&#8220;In memory Mahalia Jackson&#8221;<\/em><br \/>zuerst mit klassischer Chorbegleitung bald aber\u00a0 nur noch mit Piano-Begleitung.<br \/>Der Erfolg gab ihr recht, das Publikum war begeistert.<br \/>Die Gospelkonzerte wurden zu einem &#8220;Classic-Konzert&#8221; !<br \/>Ab 2022 musst Patty ihre Kariere aus gesundheitlichen Gr\u00fcnden beenden und widmet sich seither der Fotografie! Einmal K\u00fcnstler, immer K\u00fcnstler!<br \/>Autor: Helmut Hussian<\/p>\r\n\r\n\r\n<hr class=\"wp-block-separator has-alpha-channel-opacity\" \/>\r\n\r\n\r\n<p>&nbsp;<\/p>\r\n\r\n\r\n\r\n<div class=\"wp-block-columns is-layout-flex wp-container-core-columns-is-layout-9d6595d7 wp-block-columns-is-layout-flex\">\r\n<div class=\"wp-block-column is-layout-flow wp-block-column-is-layout-flow\"><div class=\"wp-block-post-excerpt\"><p class=\"wp-block-post-excerpt__excerpt\">Ein durchaus logischer, biologischer, Werdegang! Geboren in NRW\/BRD und als\u00a0klein Patty das Licht der Welt erblickte und den ber\u00fchmten Klaps auf den &#8230; bekam, stand bereits das erste hohe &#8220;C&#8221; lupenrein im Raum.Heutige Stimmlage Hochalt, Tonumfang: 4 Oktaven. &#8220;Die lauteste Stimme im Kirchenchor&#8221;(Der r\u00fcckblickende Pfarrer).Es dauerte auch nicht lange und Patty entdeckte auch den Jazz&hellip; <\/p><\/div><\/div>\r\n<\/div>\r\n\r\n\r\n\r\n<p>Click here to <a href=\"https:\/\/www.pattymiller.at\/audio\/\">Live-Demos<\/a>:<\/p>\r\n","protected":false},"excerpt":{"rendered":"<p>Ein durchaus logischer, biologischer, Werdegang! Geboren in NRW\/BRD und als\u00a0klein Patty das Licht der Welt erblickte und den ber\u00fchmten Klaps auf den &#8230; bekam, stand bereits das erste hohe &#8220;C&#8221; lupenrein im Raum.Heutige Stimmlage Hochalt, Tonumfang: 4 Oktaven. &#8220;Die lauteste Stimme im Kirchenchor&#8221;(Der r\u00fcckblickende Pfarrer).Es dauerte auch nicht lange und Patty entdeckte auch den Jazz &hellip; <\/p>\n<p><a class=\"more-link btn\" href=\"https:\/\/www.pattymiller.at\/?page_id=1781\">Weiterlesen<\/a><\/p>\n","protected":false},"author":2,"featured_media":0,"parent":0,"menu_order":2,"comment_status":"closed","ping_status":"closed","template":"","meta":{"footnotes":""},"class_list":["post-1781","page","type-page","status-publish","hentry","nodate","item-wrap"],"yoast_head":"<!-- This site is optimized with the Yoast SEO Premium plugin v27.6 (Yoast SEO v27.6) - https:\/\/yoast.com\/product\/yoast-seo-premium-wordpress\/ -->\n<title>Biologischer Werdegang von Patty Miller: Ein Leben in Musik<\/title>\n<meta name=\"description\" content=\"Erfahren Sie mehr \u00fcber den biologischen Werdegang von Patty Miller und ihre faszinierende Gesangskarriere in Jazz und Pop.\" \/>\n<meta name=\"robots\" content=\"index, follow, max-snippet:-1, max-image-preview:large, max-video-preview:-1\" \/>\n<link rel=\"canonical\" href=\"https:\/\/www.pattymiller.at\/?page_id=1781\" \/>\n<meta property=\"og:locale\" content=\"de_DE\" \/>\n<meta property=\"og:type\" content=\"article\" \/>\n<meta property=\"og:title\" content=\"Bio Patty Miller\" \/>\n<meta property=\"og:description\" content=\"Erfahren Sie mehr \u00fcber den biologischen Werdegang von Patty Miller und ihre faszinierende Gesangskarriere in Jazz und Pop.\" \/>\n<meta property=\"og:url\" content=\"https:\/\/www.pattymiller.at\/?page_id=1781\" \/>\n<meta property=\"og:site_name\" content=\"Patty Miller vocal &amp; Helmut Hussian Fotografie\" \/>\n<meta name=\"twitter:card\" content=\"summary_large_image\" \/>\n<meta name=\"twitter:label1\" content=\"Gesch\u00e4tzte Lesezeit\" \/>\n\t<meta name=\"twitter:data1\" content=\"2\u00a0Minuten\" \/>\n<script type=\"application\/ld+json\" class=\"yoast-schema-graph\">{\"@context\":\"https:\\\/\\\/schema.org\",\"@graph\":[{\"@type\":\"WebPage\",\"@id\":\"https:\\\/\\\/www.pattymiller.at\\\/?page_id=1781\",\"url\":\"https:\\\/\\\/www.pattymiller.at\\\/?page_id=1781\",\"name\":\"Biologischer Werdegang von Patty Miller: Ein Leben in Musik\",\"isPartOf\":{\"@id\":\"https:\\\/\\\/www.pattymiller.at\\\/#website\"},\"datePublished\":\"2026-03-20T16:35:27+00:00\",\"description\":\"Erfahren Sie mehr \u00fcber den biologischen Werdegang von Patty Miller und ihre faszinierende Gesangskarriere in Jazz und Pop.\",\"breadcrumb\":{\"@id\":\"https:\\\/\\\/www.pattymiller.at\\\/?page_id=1781#breadcrumb\"},\"inLanguage\":\"de\",\"potentialAction\":[{\"@type\":\"ReadAction\",\"target\":[\"https:\\\/\\\/www.pattymiller.at\\\/?page_id=1781\"]}]},{\"@type\":\"BreadcrumbList\",\"@id\":\"https:\\\/\\\/www.pattymiller.at\\\/?page_id=1781#breadcrumb\",\"itemListElement\":[{\"@type\":\"ListItem\",\"position\":1,\"name\":\"Startseite\",\"item\":\"https:\\\/\\\/www.pattymiller.at\\\/\"},{\"@type\":\"ListItem\",\"position\":2,\"name\":\"Bio Patty Miller\"}]},{\"@type\":\"WebSite\",\"@id\":\"https:\\\/\\\/www.pattymiller.at\\\/#website\",\"url\":\"https:\\\/\\\/www.pattymiller.at\\\/\",\"name\":\"Patty Miller vocal &amp; Helmut Hussian Fotografie\",\"description\":\"Unser Weg ist das Ziel - wir arbeiten derzeit daran!\",\"publisher\":{\"@id\":\"https:\\\/\\\/www.pattymiller.at\\\/#\\\/schema\\\/person\\\/1f9bd0a95e4c35fba18a93b2cae5a8f9\"},\"potentialAction\":[{\"@type\":\"SearchAction\",\"target\":{\"@type\":\"EntryPoint\",\"urlTemplate\":\"https:\\\/\\\/www.pattymiller.at\\\/?s={search_term_string}\"},\"query-input\":{\"@type\":\"PropertyValueSpecification\",\"valueRequired\":true,\"valueName\":\"search_term_string\"}}],\"inLanguage\":\"de\"},{\"@type\":[\"Person\",\"Organization\"],\"@id\":\"https:\\\/\\\/www.pattymiller.at\\\/#\\\/schema\\\/person\\\/1f9bd0a95e4c35fba18a93b2cae5a8f9\",\"name\":\"Helmut Hussian\",\"image\":{\"@type\":\"ImageObject\",\"inLanguage\":\"de\",\"@id\":\"https:\\\/\\\/i0.wp.com\\\/www.pattymiller.at\\\/wp-content\\\/uploads\\\/2018\\\/05\\\/cropped-cropped-cropped-cropped-jazzlogo.png?fit=512%2C512&ssl=1\",\"url\":\"https:\\\/\\\/i0.wp.com\\\/www.pattymiller.at\\\/wp-content\\\/uploads\\\/2018\\\/05\\\/cropped-cropped-cropped-cropped-jazzlogo.png?fit=512%2C512&ssl=1\",\"contentUrl\":\"https:\\\/\\\/i0.wp.com\\\/www.pattymiller.at\\\/wp-content\\\/uploads\\\/2018\\\/05\\\/cropped-cropped-cropped-cropped-jazzlogo.png?fit=512%2C512&ssl=1\",\"width\":512,\"height\":512,\"caption\":\"Helmut Hussian\"},\"logo\":{\"@id\":\"https:\\\/\\\/i0.wp.com\\\/www.pattymiller.at\\\/wp-content\\\/uploads\\\/2018\\\/05\\\/cropped-cropped-cropped-cropped-jazzlogo.png?fit=512%2C512&ssl=1\"},\"description\":\"Vieles im Leben ausprobiert, nicht immer das gescheiterte getan. So kam ich zur Musik und zur Fotografie.\",\"sameAs\":[\"http:\\\/\\\/www.pattymiller.at\"],\"knowsLanguage\":[\"Deutsch\"]}]}<\/script>\n<!-- \/ Yoast SEO Premium plugin. -->","yoast_head_json":{"title":"Biologischer Werdegang von Patty Miller: Ein Leben in Musik","description":"Erfahren Sie mehr \u00fcber den biologischen Werdegang von Patty Miller und ihre faszinierende Gesangskarriere in Jazz und Pop.","robots":{"index":"index","follow":"follow","max-snippet":"max-snippet:-1","max-image-preview":"max-image-preview:large","max-video-preview":"max-video-preview:-1"},"canonical":"https:\/\/www.pattymiller.at\/?page_id=1781","og_locale":"de_DE","og_type":"article","og_title":"Bio Patty Miller","og_description":"Erfahren Sie mehr \u00fcber den biologischen Werdegang von Patty Miller und ihre faszinierende Gesangskarriere in Jazz und Pop.","og_url":"https:\/\/www.pattymiller.at\/?page_id=1781","og_site_name":"Patty Miller vocal &amp; Helmut Hussian Fotografie","twitter_card":"summary_large_image","twitter_misc":{"Gesch\u00e4tzte Lesezeit":"2\u00a0Minuten"},"schema":{"@context":"https:\/\/schema.org","@graph":[{"@type":"WebPage","@id":"https:\/\/www.pattymiller.at\/?page_id=1781","url":"https:\/\/www.pattymiller.at\/?page_id=1781","name":"Biologischer Werdegang von Patty Miller: Ein Leben in Musik","isPartOf":{"@id":"https:\/\/www.pattymiller.at\/#website"},"datePublished":"2026-03-20T16:35:27+00:00","description":"Erfahren Sie mehr \u00fcber den biologischen Werdegang von Patty Miller und ihre faszinierende Gesangskarriere in Jazz und Pop.","breadcrumb":{"@id":"https:\/\/www.pattymiller.at\/?page_id=1781#breadcrumb"},"inLanguage":"de","potentialAction":[{"@type":"ReadAction","target":["https:\/\/www.pattymiller.at\/?page_id=1781"]}]},{"@type":"BreadcrumbList","@id":"https:\/\/www.pattymiller.at\/?page_id=1781#breadcrumb","itemListElement":[{"@type":"ListItem","position":1,"name":"Startseite","item":"https:\/\/www.pattymiller.at\/"},{"@type":"ListItem","position":2,"name":"Bio Patty Miller"}]},{"@type":"WebSite","@id":"https:\/\/www.pattymiller.at\/#website","url":"https:\/\/www.pattymiller.at\/","name":"Patty Miller vocal &amp; Helmut Hussian Fotografie","description":"Unser Weg ist das Ziel - wir arbeiten derzeit daran!","publisher":{"@id":"https:\/\/www.pattymiller.at\/#\/schema\/person\/1f9bd0a95e4c35fba18a93b2cae5a8f9"},"potentialAction":[{"@type":"SearchAction","target":{"@type":"EntryPoint","urlTemplate":"https:\/\/www.pattymiller.at\/?s={search_term_string}"},"query-input":{"@type":"PropertyValueSpecification","valueRequired":true,"valueName":"search_term_string"}}],"inLanguage":"de"},{"@type":["Person","Organization"],"@id":"https:\/\/www.pattymiller.at\/#\/schema\/person\/1f9bd0a95e4c35fba18a93b2cae5a8f9","name":"Helmut Hussian","image":{"@type":"ImageObject","inLanguage":"de","@id":"https:\/\/i0.wp.com\/www.pattymiller.at\/wp-content\/uploads\/2018\/05\/cropped-cropped-cropped-cropped-jazzlogo.png?fit=512%2C512&ssl=1","url":"https:\/\/i0.wp.com\/www.pattymiller.at\/wp-content\/uploads\/2018\/05\/cropped-cropped-cropped-cropped-jazzlogo.png?fit=512%2C512&ssl=1","contentUrl":"https:\/\/i0.wp.com\/www.pattymiller.at\/wp-content\/uploads\/2018\/05\/cropped-cropped-cropped-cropped-jazzlogo.png?fit=512%2C512&ssl=1","width":512,"height":512,"caption":"Helmut Hussian"},"logo":{"@id":"https:\/\/i0.wp.com\/www.pattymiller.at\/wp-content\/uploads\/2018\/05\/cropped-cropped-cropped-cropped-jazzlogo.png?fit=512%2C512&ssl=1"},"description":"Vieles im Leben ausprobiert, nicht immer das gescheiterte getan. So kam ich zur Musik und zur Fotografie.","sameAs":["http:\/\/www.pattymiller.at"],"knowsLanguage":["Deutsch"]}]}},"jetpack_sharing_enabled":true,"_links":{"self":[{"href":"https:\/\/www.pattymiller.at\/index.php?rest_route=\/wp\/v2\/pages\/1781","targetHints":{"allow":["GET"]}}],"collection":[{"href":"https:\/\/www.pattymiller.at\/index.php?rest_route=\/wp\/v2\/pages"}],"about":[{"href":"https:\/\/www.pattymiller.at\/index.php?rest_route=\/wp\/v2\/types\/page"}],"author":[{"embeddable":true,"href":"https:\/\/www.pattymiller.at\/index.php?rest_route=\/wp\/v2\/users\/2"}],"replies":[{"embeddable":true,"href":"https:\/\/www.pattymiller.at\/index.php?rest_route=%2Fwp%2Fv2%2Fcomments&post=1781"}],"version-history":[{"count":49,"href":"https:\/\/www.pattymiller.at\/index.php?rest_route=\/wp\/v2\/pages\/1781\/revisions"}],"predecessor-version":[{"id":15564,"href":"https:\/\/www.pattymiller.at\/index.php?rest_route=\/wp\/v2\/pages\/1781\/revisions\/15564"}],"wp:attachment":[{"href":"https:\/\/www.pattymiller.at\/index.php?rest_route=%2Fwp%2Fv2%2Fmedia&parent=1781"}],"curies":[{"name":"wp","href":"https:\/\/api.w.org\/{rel}","templated":true}]}}