{"id":297,"date":"2018-05-30T19:55:41","date_gmt":"2018-05-30T17:55:41","guid":{"rendered":"http:\/\/pattymiller.at\/wordpress\/?page_id=297"},"modified":"2026-03-08T16:18:53","modified_gmt":"2026-03-08T15:18:53","slug":"swing-jazz-ist-alsam-fuer-die-seele","status":"publish","type":"page","link":"https:\/\/www.pattymiller.at\/?page_id=297","title":{"rendered":"Classic Jazz (Swing)"},"content":{"rendered":"<h4 style=\"text-align: left;\"><span style=\"color: #ff0000;\">Leider ist dieses Programm aus gesundheitlichen Gr\u00fcnden nicht buchbar!<\/span><\/h4>\n<h4><div id=\"envira-gallery-wrap-14387\" class=\"envira-gallery-wrap envira-lazy-loading-enabled envira-layout-automatic\" itemscope itemtype=\"https:\/\/schema.org\/ImageGallery\"><div class=\"envira-loader\"><div><\/div><div><\/div><div><\/div><div><\/div><\/div><div class=\"envira-gallery-description envira-gallery-description-above\" style=\"padding-bottom: 10px;\"><p>Foto (c): Helmut Hussian<\/p>\n<\/div><div id=\"envira-gallery-14387\" class=\"envira-gallery-public envira-gallery-0-columns envira-clear envira-gallery-justified-public\" data-envira-id=\"14387\" data-gallery-config='{\"type\":\"default\",\"layout\":\"automatic\",\"columns\":\"0\",\"gallery_theme\":\"base\",\"justified_margins\":10,\"justified_last_row\":\"nojustify\",\"lazy_loading\":1,\"lazy_loading_delay\":500,\"gutter\":10,\"gutter_mobile\":0,\"margin\":10,\"image_size\":\"medium\",\"square_size\":300,\"crop_width\":640,\"crop_height\":480,\"crop\":0,\"crop_position\":\"c\",\"show_more_text\":\"Click for more\",\"additional_copy_0\":0,\"additional_copy_title\":0,\"additional_copy_caption\":0,\"additional_copy_title_caption\":0,\"additional_copy_0_mobile\":0,\"additional_copy_title_mobile\":0,\"additional_copy_caption_mobile\":0,\"additional_copy_title_caption_mobile\":0,\"gallery_column_title_caption\":\"0\",\"gallery_column_title_caption_mobile\":\"0\",\"additional_copy_automatic_0\":0,\"additional_copy_automatic_title\":0,\"additional_copy_automatic_caption\":0,\"additional_copy_automatic_title_caption\":0,\"additional_copy_automatic_0_mobile\":0,\"additional_copy_automatic_title_mobile\":0,\"additional_copy_automatic_caption_mobile\":0,\"additional_copy_automatic_title_caption_mobile\":0,\"gallery_automatic_title_caption\":\"title_caption\",\"gallery_automatic_title_caption_mobile\":\"0\",\"justified_row_height\":200,\"description_position\":\"above\",\"description\":\"Foto (c): Helmut Hussian\",\"random\":\"0\",\"sort_order\":\"0\",\"sorting_direction\":\"ASC\",\"image_sizes_random\":[],\"isotope\":0,\"lightbox_enabled\":1,\"gallery_link_enabled\":1,\"lightbox_theme\":\"captioned\",\"lightbox_image_size\":\"1536x1536\",\"title_display\":\"over\",\"lightbox_title_caption\":\"title\",\"arrows\":1,\"arrows_position\":\"inside\",\"toolbar\":1,\"toolbar_title\":0,\"toolbar_position\":\"top\",\"loop\":1,\"lightbox_open_close_effect\":\"fade\",\"effect\":\"fade\",\"supersize\":1,\"thumbnails_toggle\":0,\"thumbnails_hide\":0,\"image_counter\":0,\"lightbox_html_caption\":0,\"thumbnails\":1,\"thumbnails_width\":\"auto\",\"thumbnails_height\":\"auto\",\"thumbnails_position\":\"bottom\",\"thumbnails_custom_size\":0,\"mobile\":1,\"mobile_width\":320,\"mobile_height\":240,\"mobile_lightbox\":1,\"mobile_gallery_link_enabled\":0,\"mobile_arrows\":1,\"mobile_toolbar\":1,\"mobile_thumbnails\":1,\"mobile_touchwipe_close\":0,\"mobile_thumbnails_width\":75,\"mobile_thumbnails_height\":50,\"mobile_justified_row_height\":80,\"keyboard\":true,\"standalone_template\":\"\",\"classes\":[\"\"],\"rtl\":0,\"slug\":\"patty-swing-pic\",\"protection\":1,\"protection_popup\":0,\"protection_message\":\"\",\"protection_title\":\"\",\"protection_button_text\":\"\",\"slideshow\":0,\"autoplay\":0,\"slideshow_hover\":0,\"ss_speed\":5000,\"watermarking\":false,\"watermarking_image_id\":0,\"watermarking_position\":\"top-left\",\"watermarking_margin\":10,\"watermarking_text\":\"Some Text\",\"watermarking_font\":\"Oleo Script\",\"watermarking_font_size\":150,\"watermarking_color\":\"rgba(0,175,85,0.77)\",\"watermarking_rotation\":0,\"watermarking_repeat\":false,\"watermarking_image_scale\":100,\"watermarking_type\":\"image\",\"watermarking_keep_original\":true,\"watermarking_existing_images\":true,\"zoom\":0,\"zoom_hover\":0,\"zoom_position\":\"upper-left\",\"zoom_type\":\"basic\",\"zoom_effect\":\"fade-in\",\"zoom_lens_shape\":\"round\",\"zoom_lens_cursor\":1,\"zoom_window_size\":\"medium\",\"zoom_tint_color\":\"\",\"zoom_tint_color_opacity\":\"25\",\"zoom_mousewheel\":0,\"zoom_size\":200,\"mobile_zoom\":0,\"videos_play_icon\":0,\"videos_play_icon_thumbnails\":0,\"videos_autoplay\":0,\"videos_enlarge\":0,\"videos_playpause\":1,\"videos_progress\":1,\"videos_current\":1,\"videos_duration\":1,\"videos_volume\":1,\"videos_controls\":1,\"videos_fullscreen\":1,\"videos_download\":1,\"gallery_id\":\"14387\"}' data-gallery-images='[{\"status\":\"active\",\"src\":\"https:\\\/\\\/i0.wp.com\\\/www.pattymiller.at\\\/wp-content\\\/uploads\\\/2024\\\/03\\\/Patty.Miller.Band-.jpg?fit=388%2C300&ssl=1\",\"title\":\"Die Miss Patty Miller Galaband\",\"link\":\"https:\\\/\\\/www.pattymiller.at\\\/wp-content\\\/uploads\\\/2024\\\/03\\\/Patty.Miller.Band-.jpg\",\"alt\":\"Liveband\",\"caption\":\"Das klassische Trio\",\"thumb\":\"https:\\\/\\\/i0.wp.com\\\/www.pattymiller.at\\\/wp-content\\\/uploads\\\/2024\\\/03\\\/Patty.Miller.Band--75x50_c.jpg\",\"video_aspect_ratio\":\"\",\"video_width\":\"\",\"video_height\":\"\",\"video_in_gallery\":\"\",\"meta\":{\"aperture\":null,\"credit\":null,\"camera\":\"Jpeg File\",\"caption\":\"Konzertfotos Patty Miller\",\"created_timestamp\":\"1343057271\",\"copyright\":\"Helmut Hussian\",\"focal_length\":null,\"iso\":null,\"shutter_speed\":null,\"title\":\"Konzertfotos Patty Miller\",\"orientation\":\"1\",\"keywords\":null,\"resized_images\":null},\"thumbnail\":\"https:\\\/\\\/i0.wp.com\\\/www.pattymiller.at\\\/wp-content\\\/uploads\\\/2024\\\/03\\\/Patty.Miller.Band-.jpg?resize=150%2C150&ssl=1\",\"medium\":\"https:\\\/\\\/i0.wp.com\\\/www.pattymiller.at\\\/wp-content\\\/uploads\\\/2024\\\/03\\\/Patty.Miller.Band-.jpg?fit=250%2C193&ssl=1\",\"medium_large\":\"https:\\\/\\\/i0.wp.com\\\/www.pattymiller.at\\\/wp-content\\\/uploads\\\/2024\\\/03\\\/Patty.Miller.Band-.jpg?fit=388%2C300&ssl=1\",\"large\":\"https:\\\/\\\/i0.wp.com\\\/www.pattymiller.at\\\/wp-content\\\/uploads\\\/2024\\\/03\\\/Patty.Miller.Band-.jpg?fit=388%2C300&ssl=1\",\"1536x1536\":\"https:\\\/\\\/i0.wp.com\\\/www.pattymiller.at\\\/wp-content\\\/uploads\\\/2024\\\/03\\\/Patty.Miller.Band-.jpg?fit=388%2C300&ssl=1\",\"2048x2048\":\"https:\\\/\\\/i0.wp.com\\\/www.pattymiller.at\\\/wp-content\\\/uploads\\\/2024\\\/03\\\/Patty.Miller.Band-.jpg?fit=388%2C300&ssl=1\",\"graphene_slider\":\"https:\\\/\\\/i0.wp.com\\\/www.pattymiller.at\\\/wp-content\\\/uploads\\\/2024\\\/03\\\/Patty.Miller.Band-.jpg?resize=388%2C300&ssl=1\",\"graphene_featured_image\":\"https:\\\/\\\/i0.wp.com\\\/www.pattymiller.at\\\/wp-content\\\/uploads\\\/2024\\\/03\\\/Patty.Miller.Band-.jpg?fit=388%2C300&ssl=1\",\"graphene-homepage-pane\":\"https:\\\/\\\/i0.wp.com\\\/www.pattymiller.at\\\/wp-content\\\/uploads\\\/2024\\\/03\\\/Patty.Miller.Band-.jpg?resize=375%2C187&ssl=1\",\"post-thumbnail\":\"https:\\\/\\\/i0.wp.com\\\/www.pattymiller.at\\\/wp-content\\\/uploads\\\/2024\\\/03\\\/Patty.Miller.Band-.jpg?resize=372%2C240&ssl=1\",\"picu-thumbnail\":\"https:\\\/\\\/i0.wp.com\\\/www.pattymiller.at\\\/wp-content\\\/uploads\\\/2024\\\/03\\\/Patty.Miller.Band-.jpg?resize=180%2C180&ssl=1\",\"picu-small\":\"https:\\\/\\\/i0.wp.com\\\/www.pattymiller.at\\\/wp-content\\\/uploads\\\/2024\\\/03\\\/Patty.Miller.Band-.jpg?fit=388%2C300&ssl=1\",\"picu-medium\":\"https:\\\/\\\/i0.wp.com\\\/www.pattymiller.at\\\/wp-content\\\/uploads\\\/2024\\\/03\\\/Patty.Miller.Band-.jpg?fit=388%2C300&ssl=1\",\"picu-large\":\"https:\\\/\\\/i0.wp.com\\\/www.pattymiller.at\\\/wp-content\\\/uploads\\\/2024\\\/03\\\/Patty.Miller.Band-.jpg?fit=388%2C300&ssl=1\",\"full\":\"https:\\\/\\\/i0.wp.com\\\/www.pattymiller.at\\\/wp-content\\\/uploads\\\/2024\\\/03\\\/Patty.Miller.Band-.jpg?fit=388%2C300&ssl=1\",\"index\":0,\"id\":13479,\"video\":true,\"opts\":{\"caption\":\"Das klassische Trio\",\"thumb\":\"https:\\\/\\\/i0.wp.com\\\/www.pattymiller.at\\\/wp-content\\\/uploads\\\/2024\\\/03\\\/Patty.Miller.Band--75x50_c.jpg\",\"title\":\"Die Miss Patty Miller Galaband\"},\"gallery_id\":\"14387\"}]' data-lightbox-theme='{&quot;arrows&quot;:1,&quot;margins&quot;:[100,0],&quot;gutter&quot;:&quot;50&quot;,&quot;base_template&quot;:&quot;&lt;div id=\\&quot;envirabox-14387\\&quot; data-envirabox-id=\\&quot;14387\\&quot; class=\\&quot;envirabox-container envirabox-theme-captioned envirabox-wrap\\&quot; role=\\&quot;dialog\\&quot;&gt;&lt;div class=\\&quot;envirabox-bg\\&quot;&gt;&lt;\\\/div&gt;&lt;div class=\\&quot;envirabox-outer\\&quot;&gt;&lt;div class=\\&quot;envirabox-inner\\&quot;&gt;&lt;div id=\\&quot;envirabox-buttons\\&quot; class=\\&quot;envirabox-infobar top\\&quot;&gt;&lt;ul&gt;&lt;li&gt;&lt;a data-envirabox-prev class=\\&quot;btnPrev\\&quot; title=\\&quot;Previous\\&quot; href=\\&quot;#\\&quot;&gt;&lt;\\\/a&gt;&lt;\\\/li&gt;&lt;li&gt;&lt;a data-envirabox-next class=\\&quot;btnNext\\&quot; title=\\&quot;Next\\&quot; href=\\&quot;#\\&quot;&gt;&lt;\\\/a&gt;&lt;\\\/li&gt;&lt;li&gt;&lt;a data-envirabox-close class=\\&quot;btnClose\\&quot; title=\\&quot;Close\\&quot; href=\\&quot;javascript:;\\&quot;&gt;&lt;\\\/a&gt;&lt;\\\/li&gt;&lt;\\\/ul&gt;&lt;\\\/div&gt;&lt;div class=\\&quot;envirabox-position-overlay envira-gallery-top-left\\&quot;&gt;&lt;\\\/div&gt;&lt;div class=\\&quot;envirabox-position-overlay envira-gallery-top-right\\&quot;&gt;&lt;\\\/div&gt;&lt;div class=\\&quot;envirabox-position-overlay envira-gallery-bottom-left\\&quot;&gt;&lt;\\\/div&gt;&lt;div class=\\&quot;envirabox-position-overlay envira-gallery-bottom-right\\&quot;&gt;&lt;\\\/div&gt;&lt;div class=\\&quot;envirabox-stage\\&quot;&gt;&lt;\\\/div&gt;&lt;\\\/div&gt;&lt;\\\/div&gt;&lt;\\\/div&gt;&quot;,&quot;load_all&quot;:false,&quot;error_template&quot;:&quot;&lt;div class=\\&quot;envirabox-error\\&quot;&gt;&lt;p&gt;{{ERROR}}&lt;p&gt;&lt;\\\/div&gt;&quot;,&quot;inner_caption&quot;:true,&quot;caption_position&quot;:&quot;over&quot;,&quot;thumbs_position&quot;:&quot;bottom&quot;,&quot;arrow_position&quot;:&quot;inside&quot;,&quot;toolbar&quot;:false,&quot;infobar&quot;:true,&quot;show_smallbtn&quot;:true,&quot;idle_time&quot;:false,&quot;click_content&quot;:false,&quot;click_slide&quot;:false,&quot;click_outside&quot;:false,&quot;animation_duration&quot;:false,&quot;transition_duration&quot;:false,&quot;small_btn_template&quot;:&quot;&lt;a data-envirabox-close class=\\&quot;envirabox-item envirabox-close envirabox-button--close\\&quot; title=\\&quot;Close\\&quot; href=\\&quot;#\\&quot;&gt;&lt;\\\/a&gt;&quot;}' data-parsed-attrs='{\"slug\":\"patty-swing-pic\",\"cache\":true}'><div id=\"envira-gallery-item-13479\" class=\"envira-gallery-item envira-gallery-item-1 envira-lazy-load\" style=\"padding-left: 5px; padding-bottom: 10px; padding-right: 5px;\"  itemscope itemtype=\"https:\/\/schema.org\/ImageObject\"><div class=\"envira-gallery-item-inner\"><div class=\"envira-gallery-position-overlay envira-gallery-top-left\"><\/div><div class=\"envira-gallery-position-overlay envira-gallery-top-right\"><\/div><div class=\"envira-gallery-position-overlay envira-gallery-bottom-left\"><\/div><div class=\"envira-gallery-position-overlay envira-gallery-bottom-right\"><\/div><a class=\"envira-gallery-14387 envira-gallery-link\" href=\"https:\/\/i0.wp.com\/www.pattymiller.at\/wp-content\/uploads\/2024\/03\/Patty.Miller.Band-.jpg?fit=388%2C300&#038;ssl=1\" title=\"Die Miss Patty Miller Galaband\" data-caption=\"Das klassische Trio\" data-envira-item-id=\"13479\" data-envira-retina=\"https:\/\/i0.wp.com\/www.pattymiller.at\/wp-content\/uploads\/2024\/03\/Patty.Miller.Band-.jpg?fit=388%2C300&#038;ssl=1\" data-thumb=\"https:\/\/www.pattymiller.at\/wp-content\/uploads\/2024\/03\/Patty.Miller.Band--75x50_c.jpg\" data-title=\"Die Miss Patty Miller Galaband\" data-envirabox='14387' itemprop=\"contentUrl\"><img fetchpriority=\"high\" decoding=\"async\" src=\"https:\/\/i0.wp.com\/www.pattymiller.at\/wp-content\/uploads\/2024\/03\/Patty.Miller.Band-.jpg?fit=250%2C193&amp;ssl=1\" alt=\"Liveband\" class=\"envira-gallery-image envira-gallery-image-1    envira-lazy\" height=\"480\" id=\"envira-gallery-image-13479\" srcset=\"data:image\/gif;base64,R0lGODlhAQABAIAAAP\/\/\/\/\/\/\/yH5BAEKAAEALAAAAAABAAEAAAICTAEAOw==\" tabindex=\"-1\" title=\"Die Miss Patty Miller Galaband\" width=\"640\" data-caption=\"Das klassische Trio\" data-envira-gallery-id=\"14387\" data-envira-index=\"0\" data-envira-item-id=\"13479\" data-envira-src=\"https:\/\/i0.wp.com\/www.pattymiller.at\/wp-content\/uploads\/2024\/03\/Patty.Miller.Band-.jpg?fit=250%2C193&amp;ssl=1\" data-envira-srcset=\"https:\/\/i0.wp.com\/www.pattymiller.at\/wp-content\/uploads\/2024\/03\/Patty.Miller.Band-.jpg?fit=250%2C193&amp;ssl=1 400w, https:\/\/i0.wp.com\/www.pattymiller.at\/wp-content\/uploads\/2024\/03\/Patty.Miller.Band-.jpg?fit=250%2C193&amp;ssl=1 2x\" data-title=\"Die Miss Patty Miller Galaband\" itemprop=\"thumbnailUrl\"  draggable=\"false\" onmousedown=\"event.preventDefault()\"  data-envirabox=\"14387\" data-automatic-caption=\"Die Miss Patty Miller Galaband - Das klassische Trio\" data-envira-height=\"193\" data-envira-width=\"250\" \/><\/a><\/div><\/div><\/div><\/div><noscript><img data-recalc-dims=\"1\" src=\"https:\/\/i0.wp.com\/www.pattymiller.at\/wp-content\/uploads\/2024\/03\/Patty.Miller.Band-.jpg?w=750&#038;ssl=1\" alt='Liveband' class='envira_noscript_images ' \/><\/noscript><br \/>\nSwing-Jazz ist Balsam f\u00fcr die Seele!<\/h4>\n<hr \/>\n<h4>Autor: Patty Miller:<\/h4>\n<p>Mein Weg in der Musik und zum Jazz begann f\u00fcr mich in Dortmund\/NRW.<br \/>\nBereits als 6-J\u00e4hrige im Kirchenchor, 10 Jahre sp\u00e4ter auf einer Kirchenstiege mit meiner Gitarre<br \/>\nund Sozial-Kritischen Eigenkompositionen.<br \/>\nWie schon der griechische Philosoph Aristoteles feststellen konnte:<br \/>\n<strong>\u201eIm Wesen der Musik liegt es, Freude zu bereiten.\u201c<\/strong><br \/>\nWie Recht der Philosoph Aristoteles damit hatte, beweist der Jazz:<br \/>\nJazz macht Freude, den Musikern und denen, die ihn h\u00f6ren.<br \/>\nIch war immer bestrebt diese Medizin meinem Publikum mit nach Hause zu geben.<\/p>\n<h4>Mein Weg zum Jazz:<\/h4>\n<p>Eines Tages kam ein Mann zu mir als ich wieder einmal als Stra\u00dfenmusikantin auftrat und dr\u00fcckte mir einen Zettel mit einer Telefonnummer in die Hand. Er meinte ich m\u00f6ge diese Nummer anrufen. Dies war der Kontakt zu einer Dixieland-Band und der erste Kontakt zum lebendigen Jazz!<br \/>\nOK, ich bekam von dieser Jazz Band eine (damals noch \u00fcblicheine MC) also eine Music-Casette von &#8220;Ella Fitzgerald&#8221; in die Hand gedr\u00fcckt und sollte diese einstudieren.<br \/>\nMein erster Eindruck war: &#8220;Das schaffe ich nie!&#8221;<br \/>\nSchlussendlich und stur wenn es darum ging schwieriges zu durchzuf\u00fchren, studierte ich die gew\u00fcnschten St\u00fccke zu meiner Zufriedenheit ein.<\/p>\n<h4>Die \u00dcberraschung:<\/h4>\n<p>Welch eine \u00dcberraschung f\u00fcr mich bei der ersten Probe!<br \/>\nDie Band spielte <em>Dixieland<\/em>, ich aber studierte den <em>Swing<\/em> ein. Das war f\u00fcr mich etwas neues, es gab also verschiedene Stilrichtungen des Jazz!<br \/>\nSchlussendlich klappte es doch noch und mit dieser Band und ich konnte in den n\u00e4chsten Jahren zahlreiche Konzerte zur vollsten Zufriedenheit unserer und der Konzertbesucher bestreiten.<\/p>\n<h4>Die \u00dcbersiedlung:<\/h4>\n<p>Eine \u00f6sterreichische Jazzband lud mich, als sie mich singen h\u00f6rte,<br \/>\nzu einer Tournee nach \u00d6sterreich ein.<br \/>\nJa gerne, ich kam und blieb! So begann es eigentlich . . .<\/p>\n<h4>Gr\u00fcndung der <em>&#8220;Miss Patty Miller Jazz Band&#8221;<\/em><\/h4>\n<p>Ich gr\u00fcndete meine Band im Jahr 1994 in Wien und diese hat nach \u00fcber 20 Jahren noch immer nicht ausge-jazzt!<br \/>\nEs folgen viele Open-Air-Konzerte, Ballveranstaltungen, Galakonzerte, Firmenfeiern, Tourneen, Clubkonzerte, u.v.a.<\/p>\n<p>Besetzung der &#8220;Miss Patty Miller Jazz-Band&#8221; :<\/p>\n<p>Patty Miller (voc.)<br \/>\n<a href=\"http:\/\/www.mairegen.at\">Albert O. Mair (p.)<\/a><br \/>\nChristine Matzy (b)<br \/>\n<a href=\"https:\/\/www.filz.at\/\">Richard Filz (dr.)<\/a><br \/>\n<em>Let&#8217;s swing again with the cool funky swing band!<\/em><\/p>\n<p>Mehr \u00fcber mich auf meiner <a href=\"https:\/\/www.pattymiller.at\/biography\/\">Bio-Seite<\/a><em><br \/>\n<\/em><\/p>\n<hr \/>\n<p><center>patty miller in concert<br \/>\nit sets you on fire<br \/>\nso don&#8217;t miss it!<\/center><\/p>\n<hr \/>\n<p style=\"text-align: center;\">Entdecken Sie die atemberaubende vocale Vielfalt von Patty Miller, eine der sch\u00f6nsten, schw\u00e4rzesten und ausdrucksst\u00e4rksten Stimmen. 4 Oktaven verzaubern das Publikum ab Ton eins!<\/p>\n<p style=\"text-align: center;\">Discover the breathtaking vocal diversity of Patty Miller, one of the most beautiful, blackest and expressive voices. 4 octaves enchant the audience from note one!<\/p>\n","protected":false},"excerpt":{"rendered":"<p>Leider ist dieses Programm aus gesundheitlichen Gr\u00fcnden nicht buchbar! Swing-Jazz ist Balsam f\u00fcr die Seele! Autor: Patty Miller: Mein Weg in der Musik und zum Jazz begann f\u00fcr mich in Dortmund\/NRW. Bereits als 6-J\u00e4hrige im Kirchenchor, 10 Jahre sp\u00e4ter auf einer Kirchenstiege mit meiner Gitarre und Sozial-Kritischen Eigenkompositionen. Wie schon der griechische Philosoph Aristoteles feststellen &hellip; <\/p>\n<p><a class=\"more-link btn\" href=\"https:\/\/www.pattymiller.at\/?page_id=297\">Weiterlesen<\/a><\/p>\n","protected":false},"author":2,"featured_media":0,"parent":0,"menu_order":3,"comment_status":"closed","ping_status":"closed","template":"page-with-sidebar","meta":{"footnotes":""},"class_list":["post-297","page","type-page","status-publish","hentry","nodate","item-wrap"],"yoast_head":"<!-- This site is optimized with the Yoast SEO Premium plugin v27.6 (Yoast SEO v27.6) - https:\/\/yoast.com\/product\/yoast-seo-premium-wordpress\/ -->\n<title>Swing-Jazz ist Balsam f\u00fcr die Seele: Eine Reise : Patty Miller vocal &amp; Helmut Hussian Fotografie<\/title>\n<meta name=\"description\" content=\"Jazz mit Patty Miller ist balsam f\u00fcr die Seele. Erfahren Sie welchen Weg sie im Jazz und in ihrem Leben gegangen nist.\" \/>\n<meta name=\"robots\" content=\"index, follow, max-snippet:-1, max-image-preview:large, max-video-preview:-1\" \/>\n<link rel=\"canonical\" href=\"https:\/\/www.pattymiller.at\/?page_id=297\" \/>\n<meta property=\"og:locale\" content=\"de_DE\" \/>\n<meta property=\"og:type\" content=\"article\" \/>\n<meta property=\"og:title\" content=\"Classic Jazz (Swing)\" \/>\n<meta property=\"og:description\" content=\"Jazz mit Patty Miller ist balsam f\u00fcr die Seele. Erfahren Sie welchen Weg sie im Jazz und in ihrem Leben gegangen nist.\" \/>\n<meta property=\"og:url\" content=\"https:\/\/www.pattymiller.at\/?page_id=297\" \/>\n<meta property=\"og:site_name\" content=\"Patty Miller vocal &amp; Helmut Hussian Fotografie\" \/>\n<meta property=\"article:modified_time\" content=\"2026-03-08T15:18:53+00:00\" \/>\n<meta name=\"twitter:card\" content=\"summary_large_image\" \/>\n<meta name=\"twitter:label1\" content=\"Gesch\u00e4tzte Lesezeit\" \/>\n\t<meta name=\"twitter:data1\" content=\"3\u00a0Minuten\" \/>\n<script type=\"application\/ld+json\" class=\"yoast-schema-graph\">{\"@context\":\"https:\\\/\\\/schema.org\",\"@graph\":[{\"@type\":\"WebPage\",\"@id\":\"https:\\\/\\\/www.pattymiller.at\\\/?page_id=297\",\"url\":\"https:\\\/\\\/www.pattymiller.at\\\/?page_id=297\",\"name\":\"Swing-Jazz ist Balsam f\u00fcr die Seele: Eine Reise : Patty Miller vocal &amp; Helmut Hussian Fotografie\",\"isPartOf\":{\"@id\":\"https:\\\/\\\/www.pattymiller.at\\\/#website\"},\"datePublished\":\"2018-05-30T17:55:41+00:00\",\"dateModified\":\"2026-03-08T15:18:53+00:00\",\"description\":\"Jazz mit Patty Miller ist balsam f\u00fcr die Seele. Erfahren Sie welchen Weg sie im Jazz und in ihrem Leben gegangen nist.\",\"breadcrumb\":{\"@id\":\"https:\\\/\\\/www.pattymiller.at\\\/?page_id=297#breadcrumb\"},\"inLanguage\":\"de\",\"potentialAction\":[{\"@type\":\"ReadAction\",\"target\":[\"https:\\\/\\\/www.pattymiller.at\\\/?page_id=297\"]}]},{\"@type\":\"BreadcrumbList\",\"@id\":\"https:\\\/\\\/www.pattymiller.at\\\/?page_id=297#breadcrumb\",\"itemListElement\":[{\"@type\":\"ListItem\",\"position\":1,\"name\":\"Startseite\",\"item\":\"https:\\\/\\\/www.pattymiller.at\\\/\"},{\"@type\":\"ListItem\",\"position\":2,\"name\":\"Classic Jazz (Swing)\"}]},{\"@type\":\"WebSite\",\"@id\":\"https:\\\/\\\/www.pattymiller.at\\\/#website\",\"url\":\"https:\\\/\\\/www.pattymiller.at\\\/\",\"name\":\"Patty Miller vocal &amp; Helmut Hussian Fotografie\",\"description\":\"Unser Weg ist das Ziel - wir arbeiten derzeit daran!\",\"publisher\":{\"@id\":\"https:\\\/\\\/www.pattymiller.at\\\/#\\\/schema\\\/person\\\/1f9bd0a95e4c35fba18a93b2cae5a8f9\"},\"potentialAction\":[{\"@type\":\"SearchAction\",\"target\":{\"@type\":\"EntryPoint\",\"urlTemplate\":\"https:\\\/\\\/www.pattymiller.at\\\/?s={search_term_string}\"},\"query-input\":{\"@type\":\"PropertyValueSpecification\",\"valueRequired\":true,\"valueName\":\"search_term_string\"}}],\"inLanguage\":\"de\"},{\"@type\":[\"Person\",\"Organization\"],\"@id\":\"https:\\\/\\\/www.pattymiller.at\\\/#\\\/schema\\\/person\\\/1f9bd0a95e4c35fba18a93b2cae5a8f9\",\"name\":\"Helmut Hussian\",\"image\":{\"@type\":\"ImageObject\",\"inLanguage\":\"de\",\"@id\":\"https:\\\/\\\/i0.wp.com\\\/www.pattymiller.at\\\/wp-content\\\/uploads\\\/2018\\\/05\\\/cropped-cropped-cropped-cropped-jazzlogo.png?fit=512%2C512&ssl=1\",\"url\":\"https:\\\/\\\/i0.wp.com\\\/www.pattymiller.at\\\/wp-content\\\/uploads\\\/2018\\\/05\\\/cropped-cropped-cropped-cropped-jazzlogo.png?fit=512%2C512&ssl=1\",\"contentUrl\":\"https:\\\/\\\/i0.wp.com\\\/www.pattymiller.at\\\/wp-content\\\/uploads\\\/2018\\\/05\\\/cropped-cropped-cropped-cropped-jazzlogo.png?fit=512%2C512&ssl=1\",\"width\":512,\"height\":512,\"caption\":\"Helmut Hussian\"},\"logo\":{\"@id\":\"https:\\\/\\\/i0.wp.com\\\/www.pattymiller.at\\\/wp-content\\\/uploads\\\/2018\\\/05\\\/cropped-cropped-cropped-cropped-jazzlogo.png?fit=512%2C512&ssl=1\"},\"description\":\"Vieles im Leben ausprobiert, nicht immer das gescheiterte getan. So kam ich zur Musik und zur Fotografie.\",\"sameAs\":[\"http:\\\/\\\/www.pattymiller.at\"],\"knowsLanguage\":[\"Deutsch\"]}]}<\/script>\n<!-- \/ Yoast SEO Premium plugin. -->","yoast_head_json":{"title":"Swing-Jazz ist Balsam f\u00fcr die Seele: Eine Reise : Patty Miller vocal &amp; Helmut Hussian Fotografie","description":"Jazz mit Patty Miller ist balsam f\u00fcr die Seele. Erfahren Sie welchen Weg sie im Jazz und in ihrem Leben gegangen nist.","robots":{"index":"index","follow":"follow","max-snippet":"max-snippet:-1","max-image-preview":"max-image-preview:large","max-video-preview":"max-video-preview:-1"},"canonical":"https:\/\/www.pattymiller.at\/?page_id=297","og_locale":"de_DE","og_type":"article","og_title":"Classic Jazz (Swing)","og_description":"Jazz mit Patty Miller ist balsam f\u00fcr die Seele. Erfahren Sie welchen Weg sie im Jazz und in ihrem Leben gegangen nist.","og_url":"https:\/\/www.pattymiller.at\/?page_id=297","og_site_name":"Patty Miller vocal &amp; Helmut Hussian Fotografie","article_modified_time":"2026-03-08T15:18:53+00:00","twitter_card":"summary_large_image","twitter_misc":{"Gesch\u00e4tzte Lesezeit":"3\u00a0Minuten"},"schema":{"@context":"https:\/\/schema.org","@graph":[{"@type":"WebPage","@id":"https:\/\/www.pattymiller.at\/?page_id=297","url":"https:\/\/www.pattymiller.at\/?page_id=297","name":"Swing-Jazz ist Balsam f\u00fcr die Seele: Eine Reise : Patty Miller vocal &amp; Helmut Hussian Fotografie","isPartOf":{"@id":"https:\/\/www.pattymiller.at\/#website"},"datePublished":"2018-05-30T17:55:41+00:00","dateModified":"2026-03-08T15:18:53+00:00","description":"Jazz mit Patty Miller ist balsam f\u00fcr die Seele. Erfahren Sie welchen Weg sie im Jazz und in ihrem Leben gegangen nist.","breadcrumb":{"@id":"https:\/\/www.pattymiller.at\/?page_id=297#breadcrumb"},"inLanguage":"de","potentialAction":[{"@type":"ReadAction","target":["https:\/\/www.pattymiller.at\/?page_id=297"]}]},{"@type":"BreadcrumbList","@id":"https:\/\/www.pattymiller.at\/?page_id=297#breadcrumb","itemListElement":[{"@type":"ListItem","position":1,"name":"Startseite","item":"https:\/\/www.pattymiller.at\/"},{"@type":"ListItem","position":2,"name":"Classic Jazz (Swing)"}]},{"@type":"WebSite","@id":"https:\/\/www.pattymiller.at\/#website","url":"https:\/\/www.pattymiller.at\/","name":"Patty Miller vocal &amp; Helmut Hussian Fotografie","description":"Unser Weg ist das Ziel - wir arbeiten derzeit daran!","publisher":{"@id":"https:\/\/www.pattymiller.at\/#\/schema\/person\/1f9bd0a95e4c35fba18a93b2cae5a8f9"},"potentialAction":[{"@type":"SearchAction","target":{"@type":"EntryPoint","urlTemplate":"https:\/\/www.pattymiller.at\/?s={search_term_string}"},"query-input":{"@type":"PropertyValueSpecification","valueRequired":true,"valueName":"search_term_string"}}],"inLanguage":"de"},{"@type":["Person","Organization"],"@id":"https:\/\/www.pattymiller.at\/#\/schema\/person\/1f9bd0a95e4c35fba18a93b2cae5a8f9","name":"Helmut Hussian","image":{"@type":"ImageObject","inLanguage":"de","@id":"https:\/\/i0.wp.com\/www.pattymiller.at\/wp-content\/uploads\/2018\/05\/cropped-cropped-cropped-cropped-jazzlogo.png?fit=512%2C512&ssl=1","url":"https:\/\/i0.wp.com\/www.pattymiller.at\/wp-content\/uploads\/2018\/05\/cropped-cropped-cropped-cropped-jazzlogo.png?fit=512%2C512&ssl=1","contentUrl":"https:\/\/i0.wp.com\/www.pattymiller.at\/wp-content\/uploads\/2018\/05\/cropped-cropped-cropped-cropped-jazzlogo.png?fit=512%2C512&ssl=1","width":512,"height":512,"caption":"Helmut Hussian"},"logo":{"@id":"https:\/\/i0.wp.com\/www.pattymiller.at\/wp-content\/uploads\/2018\/05\/cropped-cropped-cropped-cropped-jazzlogo.png?fit=512%2C512&ssl=1"},"description":"Vieles im Leben ausprobiert, nicht immer das gescheiterte getan. So kam ich zur Musik und zur Fotografie.","sameAs":["http:\/\/www.pattymiller.at"],"knowsLanguage":["Deutsch"]}]}},"jetpack_sharing_enabled":true,"_links":{"self":[{"href":"https:\/\/www.pattymiller.at\/index.php?rest_route=\/wp\/v2\/pages\/297","targetHints":{"allow":["GET"]}}],"collection":[{"href":"https:\/\/www.pattymiller.at\/index.php?rest_route=\/wp\/v2\/pages"}],"about":[{"href":"https:\/\/www.pattymiller.at\/index.php?rest_route=\/wp\/v2\/types\/page"}],"author":[{"embeddable":true,"href":"https:\/\/www.pattymiller.at\/index.php?rest_route=\/wp\/v2\/users\/2"}],"replies":[{"embeddable":true,"href":"https:\/\/www.pattymiller.at\/index.php?rest_route=%2Fwp%2Fv2%2Fcomments&post=297"}],"version-history":[{"count":75,"href":"https:\/\/www.pattymiller.at\/index.php?rest_route=\/wp\/v2\/pages\/297\/revisions"}],"predecessor-version":[{"id":15009,"href":"https:\/\/www.pattymiller.at\/index.php?rest_route=\/wp\/v2\/pages\/297\/revisions\/15009"}],"wp:attachment":[{"href":"https:\/\/www.pattymiller.at\/index.php?rest_route=%2Fwp%2Fv2%2Fmedia&parent=297"}],"curies":[{"name":"wp","href":"https:\/\/api.w.org\/{rel}","templated":true}]}}